Last updated on 2024-08-31 11:49:27 CEST.
Flavor | Version | Tinstall | Tcheck | Ttotal | Status | Flags |
---|---|---|---|---|---|---|
r-devel-linux-x86_64-debian-clang | 0.2.0 | 3.27 | 35.88 | 39.15 | OK | |
r-devel-linux-x86_64-debian-gcc | 0.2.0 | 2.48 | 27.34 | 29.82 | OK | |
r-devel-linux-x86_64-fedora-clang | 0.2.0 | 65.68 | NOTE | |||
r-devel-linux-x86_64-fedora-gcc | 0.2.0 | 79.03 | NOTE | |||
r-devel-windows-x86_64 | 0.2.0 | 5.00 | 62.00 | 67.00 | OK | |
r-patched-linux-x86_64 | 0.2.0 | 3.96 | 34.03 | 37.99 | OK | |
r-release-linux-x86_64 | 0.2.0 | 2.59 | 34.27 | 36.86 | OK | |
r-release-macos-arm64 | 0.2.0 | 28.00 | OK | |||
r-release-macos-x86_64 | 0.2.0 | 46.00 | OK | |||
r-release-windows-x86_64 | 0.2.0 | 5.00 | 68.00 | 73.00 | OK | |
r-oldrel-macos-arm64 | 0.2.0 | 31.00 | OK | |||
r-oldrel-macos-x86_64 | 0.2.0 | 40.00 | OK | |||
r-oldrel-windows-x86_64 | 0.2.0 | 7.00 | 64.00 | 71.00 | OK |
Version: 0.2.0
Check: dependencies in R code
Result: NOTE
Namespaces in Imports field not imported from:
‘knitr’ ‘rmarkdown’ ‘utils’
All declared Imports should be used.
Flavors: r-devel-linux-x86_64-fedora-clang, r-devel-linux-x86_64-fedora-gcc