CRAN Package Check Results for Package FielDHub

Last updated on 2022-07-01 11:52:00 CEST.

Flavor Version Tinstall Tcheck Ttotal Status Flags
r-devel-linux-x86_64-debian-clang 0.1.0 21.35 176.17 197.52 OK
r-devel-linux-x86_64-debian-gcc 0.1.0 19.15 124.70 143.85 OK
r-devel-linux-x86_64-fedora-clang 0.1.0 239.57 NOTE
r-devel-linux-x86_64-fedora-gcc 0.1.0 238.79 NOTE
r-devel-windows-x86_64 0.1.0 70.00 176.00 246.00 OK
r-patched-linux-x86_64 0.1.0 21.61 162.90 184.51 OK
r-release-linux-x86_64 0.1.0 19.93 160.76 180.69 OK
r-release-macos-arm64 0.1.0 55.00 NOTE
r-release-macos-x86_64 0.1.0 92.00 NOTE
r-release-windows-x86_64 0.1.0 50.00 182.00 232.00 OK
r-oldrel-macos-arm64 0.1.0 67.00 NOTE
r-oldrel-macos-x86_64 0.1.0 95.00 NOTE
r-oldrel-windows-ix86+x86_64 0.1.0 47.00 194.00 241.00 OK

Check Details

Version: 0.1.0
Check: dependencies in R code
Result: NOTE
    Namespaces in Imports field not imported from:
     ‘attempt’ ‘glue’
     All declared Imports should be used.
Flavors: r-devel-linux-x86_64-fedora-clang, r-devel-linux-x86_64-fedora-gcc, r-release-macos-arm64, r-release-macos-x86_64, r-oldrel-macos-arm64, r-oldrel-macos-x86_64