Last updated on 2024-03-28 09:51:42 CET.
Flavor | Version | Tinstall | Tcheck | Ttotal | Status | Flags |
---|---|---|---|---|---|---|
r-devel-linux-x86_64-debian-clang | 1.0.1 | 37.30 | 36.34 | 73.64 | OK | |
r-devel-linux-x86_64-debian-gcc | 1.0.1 | 29.53 | 27.68 | 57.21 | OK | |
r-devel-linux-x86_64-fedora-clang | 1.0.1 | 102.02 | OK | |||
r-devel-linux-x86_64-fedora-gcc | 1.0.1 | 100.95 | OK | |||
r-devel-windows-x86_64 | 1.0.1 | 34.00 | 71.00 | 105.00 | OK | |
r-patched-linux-x86_64 | 1.0.1 | 36.26 | 35.63 | 71.89 | OK | |
r-release-linux-x86_64 | 1.0.1 | 37.69 | 34.98 | 72.67 | OK | |
r-release-macos-arm64 | 1.0.1 | 34.00 | OK | |||
r-release-macos-x86_64 | 1.0.1 | 50.00 | NOTE | |||
r-release-windows-x86_64 | 1.0.1 | 42.00 | 98.00 | 140.00 | OK | |
r-oldrel-macos-arm64 | 1.0.1 | 33.00 | OK | |||
r-oldrel-windows-x86_64 | 1.0.1 | 42.00 | 86.00 | 128.00 | OK |
Version: 1.0.1
Check: installed package size
Result: NOTE
installed size is 5.2Mb
sub-directories of 1Mb or more:
data 2.6Mb
libs 2.5Mb
Flavor: r-release-macos-x86_64