Last updated on 2022-07-07 12:55:23 CEST.
Flavor | Version | Tinstall | Tcheck | Ttotal | Status | Flags |
---|---|---|---|---|---|---|
r-devel-linux-x86_64-debian-clang | 0.99.5 | 139.52 | 37.52 | 177.04 | OK | |
r-devel-linux-x86_64-debian-gcc | 0.99.5 | 116.52 | 28.46 | 144.98 | OK | |
r-devel-linux-x86_64-fedora-clang | 0.99.5 | 293.60 | OK | |||
r-devel-linux-x86_64-fedora-gcc | 0.99.5 | 264.69 | OK | |||
r-devel-windows-x86_64 | 0.99.5 | 134.00 | 81.00 | 215.00 | OK | |
r-patched-linux-x86_64 | 0.99.5 | 123.49 | 35.65 | 159.14 | OK | |
r-release-linux-x86_64 | 0.99.5 | 132.86 | 35.49 | 168.35 | OK | |
r-release-macos-arm64 | 0.99.5 | 56.00 | OK | |||
r-release-macos-x86_64 | 0.99.5 | 77.00 | OK | |||
r-release-windows-x86_64 | 0.99.5 | 158.00 | 85.00 | 243.00 | OK | |
r-oldrel-macos-arm64 | 0.99.5 | 58.00 | NOTE | |||
r-oldrel-macos-x86_64 | 0.99.5 | 103.00 | OK | |||
r-oldrel-windows-ix86+x86_64 | 0.99.5 | 386.00 | 88.00 | 474.00 | OK |
Version: 0.99.5
Check: installed package size
Result: NOTE
installed size is 5.2Mb
sub-directories of 1Mb or more:
libs 4.9Mb
Flavor: r-oldrel-macos-arm64