Last updated on 2022-07-07 12:55:23 CEST.
Flavor | Version | Tinstall | Tcheck | Ttotal | Status | Flags |
---|---|---|---|---|---|---|
r-devel-linux-x86_64-debian-clang | 0.0.8 | 38.81 | 26.81 | 65.62 | NOTE | |
r-devel-linux-x86_64-debian-gcc | 0.0.8 | 29.64 | 22.08 | 51.72 | NOTE | |
r-devel-linux-x86_64-fedora-clang | 0.0.8 | 108.70 | NOTE | |||
r-devel-linux-x86_64-fedora-gcc | 0.0.8 | 92.20 | NOTE | |||
r-devel-windows-x86_64 | 0.0.8 | 31.00 | 74.00 | 105.00 | NOTE | |
r-patched-linux-x86_64 | 0.0.8 | 34.20 | 27.45 | 61.65 | OK | |
r-release-linux-x86_64 | 0.0.8 | 36.70 | 27.20 | 63.90 | OK | |
r-release-macos-arm64 | 0.0.8 | 34.00 | NOTE | |||
r-release-macos-x86_64 | 0.0.8 | 39.00 | NOTE | |||
r-release-windows-x86_64 | 0.0.8 | 30.00 | 76.00 | 106.00 | OK | |
r-oldrel-macos-arm64 | 0.0.8 | 41.00 | NOTE | |||
r-oldrel-macos-x86_64 | 0.0.8 | 54.00 | NOTE | |||
r-oldrel-windows-ix86+x86_64 | 0.0.8 | 74.00 | 75.00 | 149.00 | OK |
Version: 0.0.8
Check: Rd files
Result: NOTE
checkRd: (-1) Lemons.Rd:3: Escaped LaTeX specials: \&
checkRd: (-1) Lemons.Rd:5: Escaped LaTeX specials: \&
Flavors: r-devel-linux-x86_64-debian-clang, r-devel-linux-x86_64-debian-gcc, r-devel-linux-x86_64-fedora-clang, r-devel-linux-x86_64-fedora-gcc, r-devel-windows-x86_64
Version: 0.0.8
Check: installed package size
Result: NOTE
installed size is 16.6Mb
sub-directories of 1Mb or more:
libs 16.4Mb
Flavors: r-devel-linux-x86_64-fedora-clang, r-release-macos-arm64, r-release-macos-x86_64, r-oldrel-macos-arm64, r-oldrel-macos-x86_64