Last updated on 2022-06-27 11:50:43 CEST.
Flavor | Version | Tinstall | Tcheck | Ttotal | Status | Flags |
---|---|---|---|---|---|---|
r-devel-linux-x86_64-debian-clang | 0.1.3 | 30.44 | 22.41 | 52.85 | NOTE | |
r-devel-linux-x86_64-debian-gcc | 0.1.3 | 18.27 | 18.36 | 36.63 | NOTE | |
r-devel-linux-x86_64-fedora-clang | 0.1.3 | 78.19 | NOTE | |||
r-devel-linux-x86_64-fedora-gcc | 0.1.3 | 69.08 | NOTE | |||
r-devel-windows-x86_64 | 0.1.3 | 20.00 | 68.00 | 88.00 | NOTE | |
r-patched-linux-x86_64 | 0.1.3 | 21.61 | 22.71 | 44.32 | OK | |
r-release-linux-x86_64 | 0.1.3 | 23.32 | 22.51 | 45.83 | OK | |
r-release-macos-arm64 | 0.1.3 | 27.00 | NOTE | |||
r-release-macos-x86_64 | 0.1.3 | 33.00 | NOTE | |||
r-release-windows-x86_64 | 0.1.3 | 20.00 | 68.00 | 88.00 | OK | |
r-oldrel-macos-arm64 | 0.1.3 | 31.00 | NOTE | |||
r-oldrel-macos-x86_64 | 0.1.3 | 41.00 | NOTE | |||
r-oldrel-windows-ix86+x86_64 | 0.1.3 | 50.00 | 69.00 | 119.00 | OK |
Version: 0.1.3
Check: Rd files
Result: NOTE
checkRd: (-1) FastPCS-package.Rd:29: Escaped LaTeX specials: \&
checkRd: (-1) FastPCS.Rd:104: Escaped LaTeX specials: \&
Flavors: r-devel-linux-x86_64-debian-clang, r-devel-linux-x86_64-debian-gcc, r-devel-linux-x86_64-fedora-clang, r-devel-linux-x86_64-fedora-gcc, r-devel-windows-x86_64
Version: 0.1.3
Check: installed package size
Result: NOTE
installed size is 7.9Mb
sub-directories of 1Mb or more:
libs 7.8Mb
Flavors: r-devel-linux-x86_64-fedora-clang, r-release-macos-arm64, r-release-macos-x86_64, r-oldrel-macos-arm64, r-oldrel-macos-x86_64