CRAN Package Check Results for Package FastKM

Last updated on 2022-07-05 11:49:53 CEST.

Flavor Version Tinstall Tcheck Ttotal Status Flags
r-devel-linux-x86_64-debian-clang 1.1 9.38 71.83 81.21 NOTE
r-devel-linux-x86_64-debian-gcc 1.1 7.59 54.57 62.16 NOTE
r-devel-linux-x86_64-fedora-clang 1.1 108.38 NOTE
r-devel-linux-x86_64-fedora-gcc 1.1 108.10 NOTE
r-devel-windows-x86_64 1.1 12.00 90.00 102.00 NOTE
r-patched-linux-x86_64 1.1 7.47 69.43 76.90 NOTE
r-release-linux-x86_64 1.1 7.54 68.02 75.56 NOTE
r-release-macos-arm64 1.1 31.00 NOTE
r-release-macos-x86_64 1.1 44.00 NOTE
r-release-windows-x86_64 1.1 15.00 92.00 107.00 NOTE
r-oldrel-macos-arm64 1.1 30.00 NOTE
r-oldrel-macos-x86_64 1.1 43.00 NOTE
r-oldrel-windows-ix86+x86_64 1.1 18.00 94.00 112.00 NOTE

Check Details

Version: 1.1
Check: package dependencies
Result: NOTE
    Package suggested but not available for checking: 'coxKM'
Flavors: r-devel-linux-x86_64-debian-clang, r-devel-linux-x86_64-debian-gcc, r-devel-linux-x86_64-fedora-clang, r-devel-linux-x86_64-fedora-gcc, r-devel-windows-x86_64, r-patched-linux-x86_64, r-release-linux-x86_64, r-release-macos-arm64, r-release-macos-x86_64, r-release-windows-x86_64, r-oldrel-macos-arm64, r-oldrel-macos-x86_64, r-oldrel-windows-ix86+x86_64