CRAN Package Check Results for Package FastBandChol

Last updated on 2022-07-05 11:49:53 CEST.

Flavor Version Tinstall Tcheck Ttotal Status Flags
r-devel-linux-x86_64-debian-clang 0.1.1 34.51 27.49 62.00 NOTE
r-devel-linux-x86_64-debian-gcc 0.1.1 22.70 21.81 44.51 NOTE
r-devel-linux-x86_64-fedora-clang 0.1.1 91.23 NOTE
r-devel-linux-x86_64-fedora-gcc 0.1.1 84.29 NOTE
r-devel-windows-x86_64 0.1.1 36.00 72.00 108.00 NOTE
r-patched-linux-x86_64 0.1.1 24.97 27.28 52.25 NOTE
r-release-linux-x86_64 0.1.1 25.01 26.69 51.70 NOTE
r-release-macos-arm64 0.1.1 26.00 NOTE
r-release-macos-x86_64 0.1.1 34.00 NOTE
r-release-windows-x86_64 0.1.1 40.00 75.00 115.00 NOTE
r-oldrel-macos-arm64 0.1.1 30.00 NOTE
r-oldrel-macos-x86_64 0.1.1 42.00 NOTE
r-oldrel-windows-ix86+x86_64 0.1.1 79.00 82.00 161.00 NOTE

Check Details

Version: 0.1.1
Check: LazyData
Result: NOTE
     'LazyData' is specified without a 'data' directory
Flavors: r-devel-linux-x86_64-debian-clang, r-devel-linux-x86_64-debian-gcc, r-devel-linux-x86_64-fedora-clang, r-devel-linux-x86_64-fedora-gcc, r-devel-windows-x86_64, r-patched-linux-x86_64, r-release-linux-x86_64, r-release-macos-arm64, r-release-macos-x86_64, r-release-windows-x86_64, r-oldrel-macos-arm64, r-oldrel-macos-x86_64, r-oldrel-windows-ix86+x86_64

Version: 0.1.1
Check: compiled code
Result: NOTE
    File ‘FastBandChol/libs/FastBandChol.so’:
     Found no calls to: ‘R_registerRoutines’, ‘R_useDynamicSymbols’
    
    It is good practice to register native routines and to disable symbol
    search.
    
    See ‘Writing portable packages’ in the ‘Writing R Extensions’ manual.
Flavors: r-devel-linux-x86_64-fedora-clang, r-devel-linux-x86_64-fedora-gcc