Last updated on 2024-03-28 09:51:43 CET.
Flavor | Version | Tinstall | Tcheck | Ttotal | Status | Flags |
---|---|---|---|---|---|---|
r-devel-linux-x86_64-debian-clang | 0.1.1 | 121.29 | 27.64 | 148.93 | NOTE | |
r-devel-linux-x86_64-debian-gcc | 0.1.1 | 145.52 | 21.84 | 167.36 | NOTE | |
r-devel-linux-x86_64-fedora-clang | 0.1.1 | 252.78 | NOTE | |||
r-devel-linux-x86_64-fedora-gcc | 0.1.1 | 298.37 | NOTE | |||
r-devel-windows-x86_64 | 0.1.1 | 124.00 | 64.00 | 188.00 | NOTE | |
r-patched-linux-x86_64 | 0.1.1 | 164.64 | 28.05 | 192.69 | NOTE | |
r-release-linux-x86_64 | 0.1.1 | 160.45 | 27.23 | 187.68 | NOTE | |
r-release-macos-arm64 | 0.1.1 | 79.00 | NOTE | |||
r-release-macos-x86_64 | 0.1.1 | 96.00 | NOTE | |||
r-release-windows-x86_64 | 0.1.1 | 426.00 | 73.00 | 499.00 | NOTE | |
r-oldrel-macos-arm64 | 0.1.1 | 74.00 | OK | |||
r-oldrel-windows-x86_64 | 0.1.1 | 146.00 | 71.00 | 217.00 | OK |
Version: 0.1.1
Check: C++ specification
Result: NOTE
Specified C++11: please drop specification unless essential
Flavors: r-devel-linux-x86_64-debian-clang, r-devel-linux-x86_64-debian-gcc, r-devel-linux-x86_64-fedora-clang, r-devel-linux-x86_64-fedora-gcc, r-devel-windows-x86_64, r-patched-linux-x86_64, r-release-linux-x86_64, r-release-macos-arm64, r-release-macos-x86_64, r-release-windows-x86_64