Last updated on 2024-04-23 10:54:03 CEST.
Flavor | Version | Tinstall | Tcheck | Ttotal | Status | Flags |
---|---|---|---|---|---|---|
r-devel-linux-x86_64-debian-clang | 2.2.3 | 177.50 | 576.78 | 754.28 | NOTE | |
r-devel-linux-x86_64-debian-gcc | 2.2.3 | 171.51 | 439.41 | 610.92 | NOTE | |
r-devel-linux-x86_64-fedora-clang | 2.2.3 | 911.39 | NOTE | |||
r-devel-linux-x86_64-fedora-gcc | 2.2.3 | 1019.19 | NOTE | |||
r-prerel-macos-arm64 | 2.2.3 | 263.00 | NOTE | |||
r-prerel-macos-x86_64 | 2.2.3 | 336.00 | NOTE | |||
r-prerel-windows-x86_64 | 2.2.3 | 134.00 | 278.00 | 412.00 | NOTE | --no-vignettes |
r-patched-linux-x86_64 | 2.2.3 | 155.26 | 561.86 | 717.12 | NOTE | |
r-release-linux-x86_64 | 2.2.3 | 190.77 | 570.65 | 761.42 | NOTE | |
r-release-macos-arm64 | 2.2.3 | 237.00 | NOTE | |||
r-release-macos-x86_64 | 2.2.3 | 337.00 | NOTE | |||
r-release-windows-x86_64 | 2.2.3 | 168.00 | 321.00 | 489.00 | NOTE | --no-vignettes |
r-oldrel-macos-arm64 | 2.2.3 | 179.00 | NOTE | |||
r-oldrel-windows-x86_64 | 2.2.3 | 165.00 | 329.00 | 494.00 | NOTE | --no-vignettes |
Version: 2.2.3
Check: package dependencies
Result: NOTE
Packages suggested but not available for checking: 'dggrids', 'INLA'
Flavors: r-devel-linux-x86_64-debian-clang, r-devel-linux-x86_64-debian-gcc, r-prerel-macos-arm64, r-prerel-macos-x86_64, r-patched-linux-x86_64, r-release-linux-x86_64, r-release-macos-arm64, r-release-macos-x86_64, r-oldrel-macos-arm64
Version: 2.2.3
Check: package dependencies
Result: NOTE
Package suggested but not available for checking: ‘dggrids’
Flavors: r-devel-linux-x86_64-fedora-clang, r-devel-linux-x86_64-fedora-gcc
Version: 2.2.3
Check: installed package size
Result: NOTE
installed size is 9.5Mb
sub-directories of 1Mb or more:
data 4.8Mb
doc 1.8Mb
libs 1.7Mb
Flavors: r-devel-linux-x86_64-fedora-clang, r-prerel-macos-arm64, r-prerel-macos-x86_64, r-release-macos-arm64, r-release-macos-x86_64, r-oldrel-macos-arm64
Version: 2.2.3
Flags: --no-vignettes
Check: package dependencies
Result: NOTE
Package suggested but not available for checking: 'dggrids'
Flavor: r-prerel-windows-x86_64
Version: 2.2.3
Flags: --no-vignettes
Check: installed package size
Result: NOTE
installed size is 20.6Mb
sub-directories of 1Mb or more:
data 4.8Mb
doc 1.8Mb
libs 12.8Mb
Flavors: r-prerel-windows-x86_64, r-release-windows-x86_64, r-oldrel-windows-x86_64
Version: 2.2.3
Flags: --no-vignettes
Check: package dependencies
Result: NOTE
Packages suggested but not available for checking: 'dggrids', 'INLA'
Flavors: r-release-windows-x86_64, r-oldrel-windows-x86_64