Last updated on 2024-08-31 11:49:28 CEST.
Flavor | Version | Tinstall | Tcheck | Ttotal | Status | Flags |
---|---|---|---|---|---|---|
r-devel-linux-x86_64-debian-clang | 3.4.8 | 88.42 | 154.39 | 242.81 | OK | |
r-devel-linux-x86_64-debian-gcc | 3.4.8 | 64.55 | 94.87 | 159.42 | OK | |
r-devel-linux-x86_64-fedora-clang | 3.4.8 | 408.31 | OK | |||
r-devel-linux-x86_64-fedora-gcc | 3.4.8 | 413.81 | OK | |||
r-devel-windows-x86_64 | 3.4.8 | 86.00 | 173.00 | 259.00 | OK | |
r-patched-linux-x86_64 | 3.4.8 | 94.24 | 140.39 | 234.63 | OK | |
r-release-linux-x86_64 | 3.4.8 | 90.35 | 138.30 | 228.65 | OK | |
r-release-macos-arm64 | 3.4.8 | 98.00 | NOTE | |||
r-release-macos-x86_64 | 3.4.8 | 227.00 | NOTE | |||
r-release-windows-x86_64 | 3.4.8 | 94.00 | 176.00 | 270.00 | OK | |
r-oldrel-macos-arm64 | 3.4.8 | 98.00 | NOTE | |||
r-oldrel-macos-x86_64 | 3.4.8 | 169.00 | NOTE | |||
r-oldrel-windows-x86_64 | 3.4.8 | 113.00 | 216.00 | 329.00 | OK |
Version: 3.4.8
Check: installed package size
Result: NOTE
installed size is 9.2Mb
sub-directories of 1Mb or more:
doc 1.7Mb
libs 6.2Mb
Flavors: r-release-macos-arm64, r-release-macos-x86_64, r-oldrel-macos-arm64, r-oldrel-macos-x86_64