Last updated on 2025-04-29 12:52:36 CEST.
Flavor | Version | Tinstall | Tcheck | Ttotal | Status | Flags |
---|---|---|---|---|---|---|
r-devel-linux-x86_64-debian-clang | 1.0 | 1.91 | 17.34 | 19.25 | NOTE | |
r-devel-linux-x86_64-debian-gcc | 1.0 | 1.58 | 14.00 | 15.58 | NOTE | |
r-devel-linux-x86_64-fedora-clang | 1.0 | 30.93 | OK | |||
r-devel-linux-x86_64-fedora-gcc | 1.0 | 28.68 | OK | |||
r-devel-windows-x86_64 | 1.0 | 3.00 | 34.00 | 37.00 | OK | |
r-patched-linux-x86_64 | 1.0 | 1.71 | 16.60 | 18.31 | OK | |
r-release-linux-x86_64 | 1.0 | 1.92 | 16.51 | 18.43 | OK | |
r-release-macos-arm64 | 1.0 | 16.00 | OK | |||
r-release-macos-x86_64 | 1.0 | 21.00 | OK | |||
r-release-windows-x86_64 | 1.0 | 4.00 | 33.00 | 37.00 | OK | |
r-oldrel-macos-arm64 | 1.0 | 14.00 | OK | |||
r-oldrel-macos-x86_64 | 1.0 | 20.00 | OK | |||
r-oldrel-windows-x86_64 | 1.0 | 3.00 | 33.00 | 36.00 | OK |
Version: 1.0
Check: CRAN incoming feasibility
Result: NOTE
Maintainer: ‘Annegret Grimm <annegret.grimm@ufz.de>’
No Authors@R field in DESCRIPTION.
Please add one, modifying
Authors@R: c(person(given = c("Annegret", "Grimm", "&", "Klaus"),
family = "Henle",
role = "aut"),
person(given = "Annegret",
family = "Grimm",
role = "cre",
email = "annegret.grimm@ufz.de"))
as necessary.
Flavors: r-devel-linux-x86_64-debian-clang, r-devel-linux-x86_64-debian-gcc