CRAN Package Check Results for Package FOCI

Last updated on 2023-11-28 13:50:53 CET.

Flavor Version Tinstall Tcheck Ttotal Status Flags
r-devel-linux-x86_64-debian-clang 0.1.3 3.02 67.01 70.03 NOTE
r-devel-linux-x86_64-debian-gcc 0.1.3 2.31 49.29 51.60 NOTE
r-devel-linux-x86_64-fedora-clang 0.1.3 83.48 NOTE
r-devel-linux-x86_64-fedora-gcc 0.1.3 86.24 NOTE
r-devel-windows-x86_64 0.1.3 3.00 72.00 75.00 NOTE
r-patched-linux-x86_64 0.1.3 2.97 64.08 67.05 NOTE
r-release-linux-x86_64 0.1.3 3.07 63.95 67.02 NOTE
r-release-macos-arm64 0.1.3 37.00 NOTE
r-release-macos-x86_64 0.1.3 61.00 NOTE
r-release-windows-x86_64 0.1.3 3.00 77.00 80.00 NOTE
r-oldrel-macos-arm64 0.1.3 32.00 NOTE
r-oldrel-macos-x86_64 0.1.3 41.00 NOTE
r-oldrel-windows-x86_64 0.1.3 5.00 73.00 78.00 NOTE

Check Details

Version: 0.1.3
Check: LazyData
Result: NOTE 'LazyData' is specified without a 'data' directory Flavors: r-devel-linux-x86_64-debian-clang, r-devel-linux-x86_64-debian-gcc, r-devel-linux-x86_64-fedora-clang, r-devel-linux-x86_64-fedora-gcc, r-devel-windows-x86_64, r-patched-linux-x86_64, r-release-linux-x86_64, r-release-macos-arm64, r-release-macos-x86_64, r-release-windows-x86_64, r-oldrel-macos-arm64, r-oldrel-macos-x86_64, r-oldrel-windows-x86_64

Version: 0.1.3
Check: Rd cross-references
Result: NOTE Undeclared package ‘XICOR’ in Rd xrefs Flavor: r-devel-linux-x86_64-fedora-clang