CRAN Package Check Results for Package FOCI

Last updated on 2022-07-04 12:54:09 CEST.

Flavor Version Tinstall Tcheck Ttotal Status Flags
r-devel-linux-x86_64-debian-clang 0.1.3 3.17 59.85 63.02 NOTE
r-devel-linux-x86_64-debian-gcc 0.1.3 1.95 48.61 50.56 NOTE
r-devel-linux-x86_64-fedora-clang 0.1.3 83.58 NOTE
r-devel-linux-x86_64-fedora-gcc 0.1.3 89.52 NOTE
r-devel-windows-x86_64 0.1.3 10.00 89.00 99.00 NOTE
r-patched-linux-x86_64 0.1.3 3.07 62.62 65.69 NOTE
r-release-linux-x86_64 0.1.3 3.00 60.89 63.89 NOTE
r-release-macos-arm64 0.1.3 30.00 NOTE
r-release-macos-x86_64 0.1.3 41.00 NOTE
r-release-windows-x86_64 0.1.3 11.00 89.00 100.00 NOTE
r-oldrel-macos-arm64 0.1.3 33.00 NOTE
r-oldrel-macos-x86_64 0.1.3 45.00 NOTE
r-oldrel-windows-ix86+x86_64 0.1.3 7.00 88.00 95.00 NOTE

Check Details

Version: 0.1.3
Check: LazyData
Result: NOTE
     'LazyData' is specified without a 'data' directory
Flavors: r-devel-linux-x86_64-debian-clang, r-devel-linux-x86_64-debian-gcc, r-devel-linux-x86_64-fedora-clang, r-devel-linux-x86_64-fedora-gcc, r-devel-windows-x86_64, r-patched-linux-x86_64, r-release-linux-x86_64, r-release-macos-arm64, r-release-macos-x86_64, r-release-windows-x86_64, r-oldrel-macos-arm64, r-oldrel-macos-x86_64, r-oldrel-windows-ix86+x86_64

Version: 0.1.3
Check: Rd cross-references
Result: NOTE
    Undeclared package ‘XICOR’ in Rd xrefs
Flavor: r-devel-linux-x86_64-fedora-clang