CRAN Package Check Results for Package FMradio

Last updated on 2025-07-18 11:53:28 CEST.

Flavor Version Tinstall Tcheck Ttotal Status Flags
r-devel-linux-x86_64-debian-clang 1.1.1 10.86 105.76 116.62 NOTE
r-devel-linux-x86_64-debian-gcc 1.1.1 9.92 73.52 83.44 NOTE
r-devel-linux-x86_64-fedora-clang 1.1.1 184.94 NOTE
r-devel-linux-x86_64-fedora-gcc 1.1.1 159.78 NOTE
r-devel-windows-x86_64 1.1.1 12.00 109.00 121.00 NOTE
r-patched-linux-x86_64 1.1.1 11.99 94.47 106.46 NOTE
r-release-linux-x86_64 1.1.1 12.16 94.62 106.78 NOTE
r-release-macos-arm64 1.1.1 50.00 NOTE
r-release-macos-x86_64 1.1.1 98.00 NOTE
r-release-windows-x86_64 1.1.1 14.00 107.00 121.00 NOTE
r-oldrel-macos-arm64 1.1.1 42.00 NOTE
r-oldrel-macos-x86_64 1.1.1 71.00 NOTE
r-oldrel-windows-x86_64 1.1.1 16.00 138.00 154.00 NOTE

Check Details

Version: 1.1.1
Check: CRAN incoming feasibility
Result: NOTE Maintainer: ‘Carel F.W. Peeters <cf.peeters@vumc.nl>’ No Authors@R field in DESCRIPTION. Please add one, modifying Authors@R: c(person(given = c("Carel", "F.W."), family = "Peeters", role = c("cre", "aut"), email = "cf.peeters@vumc.nl"), person(given = "Caroline", family = "Ubelhor", role = "ctb"), person(given = "Kevin", family = "Kunzmann", role = "ctb")) as necessary. The Description field contains Peeters et al. (2019) <arXiv:1903.11696>. Please refer to arXiv e-prints via their arXiv DOI <doi:10.48550/arXiv.YYMM.NNNNN>. Flavors: r-devel-linux-x86_64-debian-clang, r-devel-linux-x86_64-debian-gcc

Version: 1.1.1
Check: Rd files
Result: NOTE checkRd: (-1) autoFMradio.Rd:46: Lost braces; missing escapes or markup? 46 | Step 1 (regularized correlation matrix estimation) is performed using the \code{X}, \code{t}, and {fold} arguments. | ^ Flavors: r-devel-linux-x86_64-debian-clang, r-devel-linux-x86_64-debian-gcc, r-devel-linux-x86_64-fedora-clang, r-devel-linux-x86_64-fedora-gcc, r-devel-windows-x86_64, r-patched-linux-x86_64, r-release-linux-x86_64, r-release-macos-arm64, r-release-macos-x86_64, r-release-windows-x86_64, r-oldrel-macos-arm64, r-oldrel-macos-x86_64, r-oldrel-windows-x86_64