Last updated on 2024-04-23 10:54:03 CEST.
Flavor | Version | Tinstall | Tcheck | Ttotal | Status | Flags |
---|---|---|---|---|---|---|
r-devel-linux-x86_64-debian-clang | 1.1.1 | 14.74 | 120.80 | 135.54 | NOTE | |
r-devel-linux-x86_64-debian-gcc | 1.1.1 | 10.40 | 88.36 | 98.76 | NOTE | |
r-devel-linux-x86_64-fedora-clang | 1.1.1 | 164.12 | NOTE | |||
r-devel-linux-x86_64-fedora-gcc | 1.1.1 | 154.89 | NOTE | |||
r-prerel-macos-arm64 | 1.1.1 | 42.00 | NOTE | |||
r-prerel-macos-x86_64 | 1.1.1 | 90.00 | OK | |||
r-prerel-windows-x86_64 | 1.1.1 | 13.00 | 105.00 | 118.00 | NOTE | |
r-patched-linux-x86_64 | 1.1.1 | 11.25 | 113.98 | 125.23 | NOTE | |
r-release-linux-x86_64 | 1.1.1 | 11.07 | 113.23 | 124.30 | OK | |
r-release-macos-arm64 | 1.1.1 | 51.00 | OK | |||
r-release-macos-x86_64 | 1.1.1 | 74.00 | OK | |||
r-release-windows-x86_64 | 1.1.1 | 15.00 | 125.00 | 140.00 | OK | |
r-oldrel-macos-arm64 | 1.1.1 | 59.00 | OK | |||
r-oldrel-windows-x86_64 | 1.1.1 | 17.00 | 128.00 | 145.00 | OK |
Version: 1.1.1
Check: Rd files
Result: NOTE
checkRd: (-1) autoFMradio.Rd:46: Lost braces; missing escapes or markup?
46 | Step 1 (regularized correlation matrix estimation) is performed using the \code{X}, \code{t}, and {fold} arguments.
| ^
Flavors: r-devel-linux-x86_64-debian-clang, r-devel-linux-x86_64-debian-gcc, r-devel-linux-x86_64-fedora-clang, r-devel-linux-x86_64-fedora-gcc, r-prerel-macos-arm64, r-prerel-windows-x86_64, r-patched-linux-x86_64