Last updated on 2022-07-07 12:55:23 CEST.
Flavor | Version | Tinstall | Tcheck | Ttotal | Status | Flags |
---|---|---|---|---|---|---|
r-devel-linux-x86_64-debian-clang | 9.1.1 | 373.40 | 58.19 | 431.59 | NOTE | |
r-devel-linux-x86_64-debian-gcc | 9.1.1 | 339.73 | 47.36 | 387.09 | NOTE | |
r-devel-linux-x86_64-fedora-clang | 9.1.1 | 666.95 | NOTE | |||
r-devel-linux-x86_64-fedora-gcc | 9.1.1 | 619.48 | NOTE | |||
r-devel-windows-x86_64 | 9.1.1 | 286.00 | 112.00 | 398.00 | NOTE | |
r-patched-linux-x86_64 | 9.1.1 | 337.41 | 55.40 | 392.81 | NOTE | |
r-release-linux-x86_64 | 9.1.1 | 332.66 | 57.02 | 389.68 | NOTE | |
r-release-macos-arm64 | 9.1.1 | 184.00 | NOTE | |||
r-release-macos-x86_64 | 9.1.1 | 101.00 | ERROR | |||
r-release-windows-x86_64 | 9.1.1 | 278.00 | 119.00 | 397.00 | NOTE | |
r-oldrel-macos-arm64 | 9.1.1 | 178.00 | NOTE | |||
r-oldrel-macos-x86_64 | 9.1.1 | 104.00 | ERROR | |||
r-oldrel-windows-ix86+x86_64 | 9.1.1 | 832.00 | 135.00 | 967.00 | NOTE |
Version: 9.1.1
Check: for GNU extensions in Makefiles
Result: NOTE
GNU make is a SystemRequirements.
Flavors: r-devel-linux-x86_64-debian-clang, r-devel-linux-x86_64-debian-gcc, r-devel-linux-x86_64-fedora-clang, r-devel-linux-x86_64-fedora-gcc, r-devel-windows-x86_64, r-patched-linux-x86_64, r-release-linux-x86_64, r-release-macos-arm64, r-release-windows-x86_64, r-oldrel-macos-arm64, r-oldrel-windows-ix86+x86_64
Version: 9.1.1
Check: installed package size
Result: NOTE
installed size is 21.6Mb
sub-directories of 1Mb or more:
libs 21.3Mb
Flavors: r-devel-linux-x86_64-fedora-clang, r-release-macos-arm64, r-oldrel-macos-arm64, r-oldrel-windows-ix86+x86_64
Version: 9.1.1
Check: whether package can be installed
Result: ERROR
Installation failed.
Flavors: r-release-macos-x86_64, r-oldrel-macos-x86_64