Last updated on 2024-03-28 09:51:42 CET.
Flavor | Version | Tinstall | Tcheck | Ttotal | Status | Flags |
---|---|---|---|---|---|---|
r-devel-linux-x86_64-debian-clang | 1.0 | 1.68 | 25.34 | 27.02 | NOTE | |
r-devel-linux-x86_64-debian-gcc | 1.0 | 2.18 | 19.38 | 21.56 | NOTE | |
r-devel-linux-x86_64-fedora-clang | 1.0 | 34.75 | NOTE | |||
r-devel-linux-x86_64-fedora-gcc | 1.0 | 34.17 | NOTE | |||
r-devel-windows-x86_64 | 1.0 | 4.00 | 40.00 | 44.00 | NOTE | |
r-patched-linux-x86_64 | 1.0 | 3.25 | 24.94 | 28.19 | NOTE | |
r-release-linux-x86_64 | 1.0 | 1.67 | 24.27 | 25.94 | NOTE | |
r-release-macos-arm64 | 1.0 | 17.00 | NOTE | |||
r-release-macos-x86_64 | 1.0 | 20.00 | NOTE | |||
r-release-windows-x86_64 | 1.0 | 4.00 | 49.00 | 53.00 | NOTE | |
r-oldrel-macos-arm64 | 1.0 | 16.00 | NOTE | |||
r-oldrel-windows-x86_64 | 1.0 | 6.00 | 50.00 | 56.00 | NOTE |
Version: 1.0
Check: DESCRIPTION meta-information
Result: NOTE
Malformed Description field: should contain one or more complete sentences.
Flavors: r-devel-linux-x86_64-debian-clang, r-devel-linux-x86_64-debian-gcc, r-devel-linux-x86_64-fedora-clang, r-devel-linux-x86_64-fedora-gcc, r-devel-windows-x86_64, r-patched-linux-x86_64, r-release-linux-x86_64, r-release-macos-arm64, r-release-macos-x86_64, r-release-windows-x86_64, r-oldrel-macos-arm64, r-oldrel-windows-x86_64