CRAN Package Check Results for Package FKF.SP

Last updated on 2022-06-27 11:50:43 CEST.

Flavor Version Tinstall Tcheck Ttotal Status Flags
r-devel-linux-x86_64-debian-clang 0.2.0 3.77 51.41 55.18 OK
r-devel-linux-x86_64-debian-gcc 0.2.0 2.45 40.26 42.71 OK
r-devel-linux-x86_64-fedora-clang 0.2.0 79.16 NOTE
r-devel-linux-x86_64-fedora-gcc 0.2.0 76.35 NOTE
r-devel-windows-x86_64 0.2.0 13.00 85.00 98.00 OK
r-patched-linux-x86_64 0.2.0 2.55 50.67 53.22 OK
r-release-linux-x86_64 0.2.0 3.44 50.92 54.36 OK
r-release-macos-arm64 0.2.0 29.00 NOTE
r-release-macos-x86_64 0.2.0 33.00 NOTE
r-release-windows-x86_64 0.2.0 15.00 80.00 95.00 OK
r-oldrel-macos-arm64 0.2.0 25.00 NOTE
r-oldrel-macos-x86_64 0.2.0 32.00 NOTE
r-oldrel-windows-ix86+x86_64 0.2.0 10.00 77.00 87.00 OK

Check Details

Version: 0.2.0
Check: dependencies in R code
Result: NOTE
    Namespaces in Imports field not imported from:
     ‘Rdpack’ ‘curl’ ‘mathjaxr’
     All declared Imports should be used.
Flavors: r-devel-linux-x86_64-fedora-clang, r-devel-linux-x86_64-fedora-gcc, r-release-macos-arm64, r-release-macos-x86_64, r-oldrel-macos-arm64, r-oldrel-macos-x86_64