Last updated on 2023-12-04 13:50:49 CET.
Flavor | Version | Tinstall | Tcheck | Ttotal | Status | Flags |
---|---|---|---|---|---|---|
r-devel-linux-x86_64-debian-clang | 0.0.6 | 44.80 | 109.93 | 154.73 | NOTE | |
r-devel-linux-x86_64-debian-gcc | 0.0.6 | 34.04 | 77.19 | 111.23 | NOTE | |
r-devel-linux-x86_64-fedora-clang | 0.0.6 | 191.40 | NOTE | |||
r-devel-linux-x86_64-fedora-gcc | 0.0.6 | 224.81 | NOTE | |||
r-devel-windows-x86_64 | 0.0.6 | 34.00 | 116.00 | 150.00 | NOTE | |
r-patched-linux-x86_64 | 0.0.6 | 35.21 | 105.70 | 140.91 | NOTE | |
r-release-linux-x86_64 | 0.0.6 | 46.01 | 102.34 | 148.35 | NOTE | |
r-release-macos-arm64 | 0.0.6 | 63.00 | NOTE | |||
r-release-macos-x86_64 | 0.0.6 | 102.00 | NOTE | |||
r-release-windows-x86_64 | 0.0.6 | 45.00 | 135.00 | 180.00 | NOTE | |
r-oldrel-macos-arm64 | 0.0.6 | 58.00 | NOTE | |||
r-oldrel-macos-x86_64 | 0.0.6 | 68.00 | NOTE | |||
r-oldrel-windows-x86_64 | 0.0.6 | 44.00 | 142.00 | 186.00 | NOTE |
Version: 0.0.6
Check: C++ specification
Result: NOTE
Specified C++11: please drop specification unless essential
Flavors: r-devel-linux-x86_64-debian-clang, r-devel-linux-x86_64-debian-gcc, r-devel-linux-x86_64-fedora-clang, r-devel-linux-x86_64-fedora-gcc, r-devel-windows-x86_64, r-patched-linux-x86_64, r-release-linux-x86_64, r-release-macos-arm64, r-release-macos-x86_64, r-release-windows-x86_64
Version: 0.0.6
Check: LazyData
Result: NOTE
'LazyData' is specified without a 'data' directory
Flavors: r-devel-linux-x86_64-debian-clang, r-devel-linux-x86_64-debian-gcc, r-devel-linux-x86_64-fedora-clang, r-devel-linux-x86_64-fedora-gcc, r-devel-windows-x86_64, r-patched-linux-x86_64, r-release-linux-x86_64, r-release-macos-arm64, r-release-macos-x86_64, r-release-windows-x86_64, r-oldrel-macos-arm64, r-oldrel-macos-x86_64, r-oldrel-windows-x86_64
Version: 0.0.6
Check: dependencies in R code
Result: NOTE
Namespaces in Imports field not imported from:
‘MASS’ ‘XML’ ‘gglasso’ ‘methods’
All declared Imports should be used.
Flavors: r-devel-linux-x86_64-fedora-clang, r-devel-linux-x86_64-fedora-gcc, r-oldrel-macos-x86_64
Version: 0.0.6
Check: installed package size
Result: NOTE
installed size is 9.9Mb
sub-directories of 1Mb or more:
libs 9.0Mb
Flavors: r-release-macos-arm64, r-release-macos-x86_64, r-oldrel-macos-arm64, r-oldrel-macos-x86_64