Last updated on 2024-08-31 11:49:27 CEST.
Flavor | Version | Tinstall | Tcheck | Ttotal | Status | Flags |
---|---|---|---|---|---|---|
r-devel-linux-x86_64-debian-clang | 3.6.4 | 58.33 | 417.40 | 475.73 | OK | |
r-devel-linux-x86_64-debian-gcc | 3.6.4 | 32.76 | 268.72 | 301.48 | OK | |
r-devel-linux-x86_64-fedora-clang | 3.6.4 | 746.66 | NOTE | |||
r-devel-linux-x86_64-fedora-gcc | 3.6.4 | 731.29 | OK | |||
r-devel-windows-x86_64 | 3.6.4 | 50.00 | 319.00 | 369.00 | NOTE | |
r-patched-linux-x86_64 | 3.6.4 | 53.98 | 370.81 | 424.79 | OK | |
r-release-linux-x86_64 | 3.6.4 | 52.90 | 370.85 | 423.75 | OK | |
r-release-macos-arm64 | 3.6.4 | 176.00 | NOTE | |||
r-release-macos-x86_64 | 3.6.4 | 307.00 | NOTE | |||
r-release-windows-x86_64 | 3.6.4 | 51.00 | 332.00 | 383.00 | NOTE | |
r-oldrel-macos-arm64 | 3.6.4 | 279.00 | NOTE | |||
r-oldrel-macos-x86_64 | 3.6.4 | 468.00 | NOTE | |||
r-oldrel-windows-x86_64 | 3.6.4 | 68.00 | 410.00 | 478.00 | NOTE |
Version: 3.6.4
Check: installed package size
Result: NOTE
installed size is 10.7Mb
sub-directories of 1Mb or more:
R 4.7Mb
doc 2.3Mb
extdata 2.1Mb
Flavors: r-devel-linux-x86_64-fedora-clang, r-devel-windows-x86_64, r-release-macos-arm64, r-release-macos-x86_64, r-release-windows-x86_64, r-oldrel-macos-arm64, r-oldrel-macos-x86_64, r-oldrel-windows-x86_64