Last updated on 2025-02-21 10:51:38 CET.
Flavor | Version | Tinstall | Tcheck | Ttotal | Status | Flags |
---|---|---|---|---|---|---|
r-devel-linux-x86_64-debian-clang | 1.0 | 1.62 | 17.45 | 19.07 | NOTE | |
r-devel-linux-x86_64-debian-gcc | 1.0 | 1.28 | 13.96 | 15.24 | NOTE | |
r-devel-linux-x86_64-fedora-clang | 1.0 | 29.58 | NOTE | |||
r-devel-linux-x86_64-fedora-gcc | 1.0 | 28.88 | NOTE | |||
r-devel-macos-arm64 | 1.0 | 11.00 | NOTE | |||
r-devel-macos-x86_64 | 1.0 | 21.00 | NOTE | |||
r-devel-windows-x86_64 | 1.0 | 3.00 | 45.00 | 48.00 | NOTE | |
r-patched-linux-x86_64 | 1.0 | 1.58 | 16.58 | 18.16 | NOTE | |
r-release-linux-x86_64 | 1.0 | 1.39 | 16.45 | 17.84 | NOTE | |
r-release-macos-arm64 | 1.0 | 14.00 | NOTE | |||
r-release-macos-x86_64 | 1.0 | 19.00 | NOTE | |||
r-release-windows-x86_64 | 1.0 | 2.00 | 36.00 | 38.00 | NOTE | |
r-oldrel-macos-arm64 | 1.0 | 14.00 | NOTE | |||
r-oldrel-macos-x86_64 | 1.0 | 20.00 | NOTE | |||
r-oldrel-windows-x86_64 | 1.0 | 2.00 | 36.00 | 38.00 | NOTE |
Version: 1.0
Check: DESCRIPTION meta-information
Result: NOTE
Malformed Description field: should contain one or more complete sentences.
Flavors: r-devel-linux-x86_64-debian-clang, r-devel-linux-x86_64-debian-gcc, r-devel-linux-x86_64-fedora-clang, r-devel-linux-x86_64-fedora-gcc, r-devel-macos-arm64, r-devel-macos-x86_64, r-devel-windows-x86_64, r-patched-linux-x86_64, r-release-linux-x86_64, r-release-macos-arm64, r-release-macos-x86_64, r-release-windows-x86_64, r-oldrel-macos-arm64, r-oldrel-macos-x86_64, r-oldrel-windows-x86_64