CRAN Package Check Results for Package FI

Last updated on 2025-04-29 12:52:36 CEST.

Flavor Version Tinstall Tcheck Ttotal Status Flags
r-devel-linux-x86_64-debian-clang 1.0 1.60 18.00 19.60 NOTE
r-devel-linux-x86_64-debian-gcc 1.0 1.28 14.68 15.96 NOTE
r-devel-linux-x86_64-fedora-clang 1.0 29.87 NOTE
r-devel-linux-x86_64-fedora-gcc 1.0 29.94 NOTE
r-devel-windows-x86_64 1.0 3.00 38.00 41.00 NOTE
r-patched-linux-x86_64 1.0 1.59 17.27 18.86 NOTE
r-release-linux-x86_64 1.0 1.51 17.19 18.70 NOTE
r-release-macos-arm64 1.0 14.00 NOTE
r-release-macos-x86_64 1.0 22.00 NOTE
r-release-windows-x86_64 1.0 4.00 41.00 45.00 NOTE
r-oldrel-macos-arm64 1.0 14.00 NOTE
r-oldrel-macos-x86_64 1.0 19.00 NOTE
r-oldrel-windows-x86_64 1.0 2.00 36.00 38.00 NOTE

Check Details

Version: 1.0
Check: CRAN incoming feasibility
Result: NOTE Maintainer: ‘David V. Dias <dvdscripter@gmail.com>’ Found the following (possibly) invalid file URI: URI: www.eucalyptus.com.br/capitulos/ENG07.pdf From: man/sf.Rd Flavors: r-devel-linux-x86_64-debian-clang, r-devel-linux-x86_64-debian-gcc

Version: 1.0
Check: DESCRIPTION meta-information
Result: NOTE Malformed Description field: should contain one or more complete sentences. Flavors: r-devel-linux-x86_64-debian-clang, r-devel-linux-x86_64-debian-gcc, r-devel-linux-x86_64-fedora-clang, r-devel-linux-x86_64-fedora-gcc, r-devel-windows-x86_64, r-patched-linux-x86_64, r-release-linux-x86_64, r-release-macos-arm64, r-release-macos-x86_64, r-release-windows-x86_64, r-oldrel-macos-arm64, r-oldrel-macos-x86_64, r-oldrel-windows-x86_64