CRAN Package Check Results for Package FI

Last updated on 2022-07-05 11:49:53 CEST.

Flavor Version Tinstall Tcheck Ttotal Status Flags
r-devel-linux-x86_64-debian-clang 1.0 2.10 21.38 23.48 NOTE
r-devel-linux-x86_64-debian-gcc 1.0 1.47 16.71 18.18 NOTE
r-devel-linux-x86_64-fedora-clang 1.0 39.35 NOTE
r-devel-linux-x86_64-fedora-gcc 1.0 38.56 NOTE
r-devel-windows-x86_64 1.0 8.00 43.00 51.00 NOTE
r-patched-linux-x86_64 1.0 2.23 21.19 23.42 NOTE
r-release-linux-x86_64 1.0 1.67 20.89 22.56 NOTE
r-release-macos-arm64 1.0 15.00 NOTE
r-release-macos-x86_64 1.0 19.00 NOTE
r-release-windows-x86_64 1.0 5.00 42.00 47.00 NOTE
r-oldrel-macos-arm64 1.0 24.00 NOTE
r-oldrel-macos-x86_64 1.0 23.00 NOTE
r-oldrel-windows-ix86+x86_64 1.0 4.00 34.00 38.00 NOTE

Check Details

Version: 1.0
Check: DESCRIPTION meta-information
Result: NOTE
    Malformed Description field: should contain one or more complete sentences.
Flavors: r-devel-linux-x86_64-debian-clang, r-devel-linux-x86_64-debian-gcc, r-devel-linux-x86_64-fedora-clang, r-devel-linux-x86_64-fedora-gcc, r-devel-windows-x86_64, r-patched-linux-x86_64, r-release-linux-x86_64, r-release-macos-arm64, r-release-macos-x86_64, r-release-windows-x86_64, r-oldrel-macos-arm64, r-oldrel-macos-x86_64, r-oldrel-windows-ix86+x86_64