CRAN Package Check Results for Package FGalgorithm

Last updated on 2025-04-29 12:52:36 CEST.

Flavor Version Tinstall Tcheck Ttotal Status Flags
r-devel-linux-x86_64-debian-clang 1.0 1.68 17.55 19.23 NOTE
r-devel-linux-x86_64-debian-gcc 1.0 1.32 14.28 15.60 NOTE
r-devel-linux-x86_64-fedora-clang 1.0 29.80 OK
r-devel-linux-x86_64-fedora-gcc 1.0 28.69 OK
r-devel-windows-x86_64 1.0 3.00 35.00 38.00 OK
r-patched-linux-x86_64 1.0 1.81 16.60 18.41 OK
r-release-linux-x86_64 1.0 1.63 16.53 18.16 OK
r-release-macos-arm64 1.0 13.00 OK
r-release-macos-x86_64 1.0 25.00 OK
r-release-windows-x86_64 1.0 3.00 36.00 39.00 OK
r-oldrel-macos-arm64 1.0 13.00 OK
r-oldrel-macos-x86_64 1.0 19.00 OK
r-oldrel-windows-x86_64 1.0 2.00 35.00 37.00 OK

Check Details

Version: 1.0
Check: CRAN incoming feasibility
Result: NOTE Maintainer: ‘Dariush Najarzadeh <D_Najarzadeh@sbu.ac.ir>’ No Authors@R field in DESCRIPTION. Please add one, modifying Authors@R: person(given = "Dariush", family = "Najarzadeh", role = c("aut", "cre"), email = "d_najarzadeh@sbu.ac.ir") as necessary. Flavors: r-devel-linux-x86_64-debian-clang, r-devel-linux-x86_64-debian-gcc