Last updated on 2025-04-29 12:52:36 CEST.
Flavor | Version | Tinstall | Tcheck | Ttotal | Status | Flags |
---|---|---|---|---|---|---|
r-devel-linux-x86_64-debian-clang | 1.0 | 1.91 | 21.15 | 23.06 | NOTE | |
r-devel-linux-x86_64-debian-gcc | 1.0 | 1.58 | 16.95 | 18.53 | NOTE | |
r-devel-linux-x86_64-fedora-clang | 1.0 | 37.50 | OK | |||
r-devel-linux-x86_64-fedora-gcc | 1.0 | 35.00 | OK | |||
r-devel-windows-x86_64 | 1.0 | 3.00 | 49.00 | 52.00 | OK | |
r-patched-linux-x86_64 | 1.0 | 2.47 | 20.19 | 22.66 | OK | |
r-release-linux-x86_64 | 1.0 | 2.00 | 20.29 | 22.29 | OK | |
r-release-macos-arm64 | 1.0 | 17.00 | OK | |||
r-release-macos-x86_64 | 1.0 | 28.00 | OK | |||
r-release-windows-x86_64 | 1.0 | 4.00 | 48.00 | 52.00 | OK | |
r-oldrel-macos-arm64 | 1.0 | 16.00 | OK | |||
r-oldrel-macos-x86_64 | 1.0 | 26.00 | OK | |||
r-oldrel-windows-x86_64 | 1.0 | 3.00 | 44.00 | 47.00 | OK |
Version: 1.0
Check: CRAN incoming feasibility
Result: NOTE
Maintainer: ‘Stan Pounds <stanley.pounds@stjude.org>’
No Authors@R field in DESCRIPTION.
Please add one, modifying
Authors@R: person(given = "Stan",
family = "Pounds",
role = c("aut", "cre"),
email = "stanley.pounds@stjude.org")
as necessary.
Flavors: r-devel-linux-x86_64-debian-clang, r-devel-linux-x86_64-debian-gcc