Last updated on 2025-05-11 11:51:01 CEST.
Flavor | Version | Tinstall | Tcheck | Ttotal | Status | Flags |
---|---|---|---|---|---|---|
r-devel-linux-x86_64-debian-clang | 1.0.1 | 2.34 | 23.99 | 26.33 | NOTE | |
r-devel-linux-x86_64-debian-gcc | 1.0.1 | 1.86 | 18.41 | 20.27 | NOTE | |
r-devel-linux-x86_64-fedora-clang | 1.0.1 | 39.96 | NOTE | |||
r-devel-linux-x86_64-fedora-gcc | 1.0.1 | 36.54 | NOTE | |||
r-devel-windows-x86_64 | 1.0.1 | 5.00 | 45.00 | 50.00 | NOTE | |
r-patched-linux-x86_64 | 1.0.1 | 2.41 | 21.60 | 24.01 | NOTE | |
r-release-linux-x86_64 | 1.0.1 | 2.08 | 21.25 | 23.33 | NOTE | |
r-release-macos-arm64 | 1.0.1 | 21.00 | NOTE | |||
r-release-macos-x86_64 | 1.0.1 | 30.00 | NOTE | |||
r-release-windows-x86_64 | 1.0.1 | 3.00 | 45.00 | 48.00 | NOTE | |
r-oldrel-macos-arm64 | 1.0.1 | 19.00 | NOTE | |||
r-oldrel-macos-x86_64 | 1.0.1 | 26.00 | NOTE | |||
r-oldrel-windows-x86_64 | 1.0.1 | 4.00 | 48.00 | 52.00 | NOTE |
Version: 1.0.1
Check: Rd files
Result: NOTE
checkRd: (-1) p.fdr.Rd:30: Lost braces
30 | \item{adjust.method}{A string used to identify the p-value and false discovery rate adjustment method. Defaults to \code{BH}. Options are \code{BH}, \code{BY}, code{Bon},\code{Holm}, \code{Hoch}, and \code{Sidak}.}
| ^
Flavors: r-devel-linux-x86_64-debian-clang, r-devel-linux-x86_64-debian-gcc, r-devel-linux-x86_64-fedora-clang, r-devel-linux-x86_64-fedora-gcc, r-devel-windows-x86_64, r-patched-linux-x86_64, r-release-linux-x86_64, r-release-macos-arm64, r-release-macos-x86_64, r-release-windows-x86_64, r-oldrel-macos-arm64, r-oldrel-macos-x86_64, r-oldrel-windows-x86_64