CRAN Package Check Results for Package FD

Last updated on 2025-05-06 12:49:38 CEST.

Flavor Version Tinstall Tcheck Ttotal Status Flags
r-devel-linux-x86_64-debian-clang 1.0-12.3 9.03 85.65 94.68 NOTE
r-devel-linux-x86_64-debian-gcc 1.0-12.3 7.46 61.89 69.35 NOTE
r-devel-linux-x86_64-fedora-clang 1.0-12.3 150.22 NOTE
r-devel-linux-x86_64-fedora-gcc 1.0-12.3 139.49 NOTE
r-devel-windows-x86_64 1.0-12.3 13.00 93.00 106.00 OK
r-patched-linux-x86_64 1.0-12.3 10.61 80.66 91.27 NOTE
r-release-linux-x86_64 1.0-12.3 9.87 82.75 92.62 NOTE
r-release-macos-arm64 1.0-12.3 47.00 OK
r-release-macos-x86_64 1.0-12.3 130.00 OK
r-release-windows-x86_64 1.0-12.3 14.00 101.00 115.00 OK
r-oldrel-macos-arm64 1.0-12.3 45.00 OK
r-oldrel-macos-x86_64 1.0-12.3 62.00 OK
r-oldrel-windows-x86_64 1.0-12.3 16.00 117.00 133.00 OK

Check Details

Version: 1.0-12.3
Check: CRAN incoming feasibility
Result: NOTE Maintainer: ‘Etienne Laliberté <etiennelaliberte@gmail.com>’ No Authors@R field in DESCRIPTION. Please add one, modifying Authors@R: c(person(given = "Etienne", family = "Laliberté", role = c("aut", "cre"), email = "etiennelaliberte@gmail.com"), person(given = "Pierre", family = "Legendre", role = "aut"), person(given = "Bill", family = "Shipley", role = "aut")) as necessary. Package CITATION file contains call(s) to old-style personList() or as.personList(). Please use c() on person objects instead. Package CITATION file contains call(s) to old-style citEntry(). Please use bibentry() instead. Flavors: r-devel-linux-x86_64-debian-clang, r-devel-linux-x86_64-debian-gcc

Version: 1.0-12.3
Check: for non-standard things in the check directory
Result: NOTE Found the following files/directories: ‘vert.txt’ Flavors: r-devel-linux-x86_64-debian-clang, r-devel-linux-x86_64-debian-gcc, r-devel-linux-x86_64-fedora-clang, r-devel-linux-x86_64-fedora-gcc, r-patched-linux-x86_64, r-release-linux-x86_64

Version: 1.0-12.3
Check: compiled code
Result: NOTE File ‘FD/libs/FD.so’: Found no calls to: ‘R_registerRoutines’, ‘R_useDynamicSymbols’ It is good practice to register native routines and to disable symbol search. See ‘Writing portable packages’ in the ‘Writing R Extensions’ manual. Flavors: r-devel-linux-x86_64-fedora-clang, r-devel-linux-x86_64-fedora-gcc