CRAN Package Check Results for Package FD

Last updated on 2023-02-03 11:53:15 CET.

Flavor Version Tinstall Tcheck Ttotal Status Flags
r-devel-linux-x86_64-debian-clang 1.0-12.1 9.77 110.38 120.15 NOTE
r-devel-linux-x86_64-debian-gcc 1.0-12.1 10.11 82.44 92.55 NOTE
r-devel-linux-x86_64-fedora-clang 1.0-12.1 150.63 NOTE
r-devel-linux-x86_64-fedora-gcc 1.0-12.1 147.95 NOTE
r-devel-windows-x86_64 1.0-12.1 20.00 145.00 165.00 OK
r-patched-linux-x86_64 1.0-12.1 13.47 104.27 117.74 NOTE
r-release-linux-x86_64 1.0-12.1 12.76 102.83 115.59 NOTE
r-release-macos-arm64 1.0-12.1 43.00 OK
r-release-macos-x86_64 1.0-12.1 69.00 OK
r-release-windows-x86_64 1.0-12.1 19.00 143.00 162.00 OK
r-oldrel-macos-arm64 1.0-12.1 42.00 OK
r-oldrel-macos-x86_64 1.0-12.1 59.00 OK
r-oldrel-windows-ix86+x86_64 1.0-12.1 27.00 183.00 210.00 OK

Check Details

Version: 1.0-12.1
Check: for non-standard things in the check directory
Result: NOTE
    Found the following files/directories:
     ‘vert.txt’
Flavors: r-devel-linux-x86_64-debian-clang, r-devel-linux-x86_64-debian-gcc, r-devel-linux-x86_64-fedora-clang, r-devel-linux-x86_64-fedora-gcc, r-patched-linux-x86_64, r-release-linux-x86_64

Version: 1.0-12.1
Check: compiled code
Result: NOTE
    File ‘FD/libs/FD.so’:
     Found no calls to: ‘R_registerRoutines’, ‘R_useDynamicSymbols’
    
    It is good practice to register native routines and to disable symbol
    search.
    
    See ‘Writing portable packages’ in the ‘Writing R Extensions’ manual.
Flavors: r-devel-linux-x86_64-fedora-clang, r-devel-linux-x86_64-fedora-gcc