Last updated on 2025-04-29 12:52:36 CEST.
Flavor | Version | Tinstall | Tcheck | Ttotal | Status | Flags |
---|---|---|---|---|---|---|
r-devel-linux-x86_64-debian-clang | 1.5.2 | 2.74 | 22.90 | 25.64 | NOTE | |
r-devel-linux-x86_64-debian-gcc | 1.5.2 | 1.79 | 18.04 | 19.83 | NOTE | |
r-devel-linux-x86_64-fedora-clang | 1.5.2 | 39.56 | NOTE | |||
r-devel-linux-x86_64-fedora-gcc | 1.5.2 | 37.49 | NOTE | |||
r-devel-windows-x86_64 | 1.5.2 | 4.00 | 40.00 | 44.00 | NOTE | |
r-patched-linux-x86_64 | 1.5.2 | 2.92 | 22.34 | 25.26 | NOTE | |
r-release-linux-x86_64 | 1.5.2 | 2.28 | 22.42 | 24.70 | NOTE | |
r-release-macos-arm64 | 1.5.2 | 15.00 | NOTE | |||
r-release-macos-x86_64 | 1.5.2 | 32.00 | NOTE | |||
r-release-windows-x86_64 | 1.5.2 | 4.00 | 40.00 | 44.00 | NOTE | |
r-oldrel-macos-arm64 | 1.5.2 | 15.00 | NOTE | |||
r-oldrel-macos-x86_64 | 1.5.2 | 29.00 | NOTE | |||
r-oldrel-windows-x86_64 | 1.5.2 | 3.00 | 39.00 | 42.00 | NOTE |
Version: 1.5.2
Check: CRAN incoming feasibility
Result: NOTE
Maintainer: ‘Luca Agnelli <luca.agnelli@gmail.com>’
No Authors@R field in DESCRIPTION.
Please add one, modifying
Authors@R: c(person(given = "Adrian",
family = "Andronache",
role = "aut",
email = "adi.andronache@gmail.com"),
person(given = "Luca",
family = "Agnelli",
role = c("aut", "cre"),
email = "luca.agnelli@gmail.com"))
as necessary.
Flavors: r-devel-linux-x86_64-debian-clang, r-devel-linux-x86_64-debian-gcc
Version: 1.5.2
Check: Rd files
Result: NOTE
checkRd: (-1) FBN.histogramMaxima.Rd:21: Lost braces in \itemize; meant \describe ?
checkRd: (-1) FBN.histogramMaxima.Rd:22: Lost braces in \itemize; meant \describe ?
checkRd: (-1) FBN.histogramMaxima.Rd:23: Lost braces in \itemize; meant \describe ?
checkRd: (-1) FBN.histogramMaxima.Rd:24: Lost braces in \itemize; meant \describe ?
checkRd: (-1) FBN.kmeans.Rd:19: Lost braces in \itemize; meant \describe ?
checkRd: (-1) FBN.kmeans.Rd:20: Lost braces in \itemize; meant \describe ?
checkRd: (-1) FBN.kmeans.Rd:21: Lost braces in \itemize; meant \describe ?
checkRd: (-1) FBN.kmeans.Rd:22: Lost braces in \itemize; meant \describe ?
checkRd: (-1) FBNormalization.Rd:25: Lost braces in \itemize; meant \describe ?
checkRd: (-1) FBNormalization.Rd:26: Lost braces in \itemize; meant \describe ?
checkRd: (-1) FBNormalization.Rd:27: Lost braces in \itemize; meant \describe ?
checkRd: (-1) FBNormalization.Rd:28: Lost braces in \itemize; meant \describe ?
checkRd: (-1) FBNormalization.Rd:29: Lost braces in \itemize; meant \describe ?
checkRd: (-1) FBNormalization.Rd:34: Lost braces in \itemize; meant \describe ?
checkRd: (-1) FBNormalization.Rd:35: Lost braces in \itemize; meant \describe ?
checkRd: (-1) FBNormalization.Rd:36: Lost braces in \itemize; meant \describe ?
checkRd: (-1) FBNormalization.Rd:37: Lost braces in \itemize; meant \describe ?
checkRd: (-1) FBNormalization.Rd:38: Lost braces in \itemize; meant \describe ?
checkRd: (-1) FBNormalization.Rd:39: Lost braces in \itemize; meant \describe ?
checkRd: (-1) FBNormalization.Rd:40: Lost braces in \itemize; meant \describe ?
Flavors: r-devel-linux-x86_64-debian-clang, r-devel-linux-x86_64-debian-gcc, r-devel-linux-x86_64-fedora-clang, r-devel-linux-x86_64-fedora-gcc, r-devel-windows-x86_64, r-patched-linux-x86_64, r-release-linux-x86_64, r-release-macos-arm64, r-release-macos-x86_64, r-release-windows-x86_64, r-oldrel-macos-arm64, r-oldrel-macos-x86_64, r-oldrel-windows-x86_64