CRAN Package Check Results for Package FBFsearch

Last updated on 2022-07-05 11:49:53 CEST.

Flavor Version Tinstall Tcheck Ttotal Status Flags
r-devel-linux-x86_64-debian-clang 1.1 20.43 34.91 55.34 OK
r-devel-linux-x86_64-debian-gcc 1.1 21.86 27.76 49.62 OK
r-devel-linux-x86_64-fedora-clang 1.1 92.35 NOTE
r-devel-linux-x86_64-fedora-gcc 1.1 87.29 NOTE
r-devel-windows-x86_64 1.1 35.00 82.00 117.00 OK
r-patched-linux-x86_64 1.1 24.24 34.17 58.41 OK
r-release-linux-x86_64 1.1 21.91 33.78 55.69 OK
r-release-macos-arm64 1.1 30.00 NOTE
r-release-macos-x86_64 1.1 37.00 NOTE
r-release-windows-x86_64 1.1 32.00 81.00 113.00 OK
r-oldrel-macos-arm64 1.1 31.00 NOTE
r-oldrel-macos-x86_64 1.1 46.00 NOTE
r-oldrel-windows-ix86+x86_64 1.1 69.00 78.00 147.00 NOTE

Additional issues

clang-UBSAN

Check Details

Version: 1.1
Check: installed package size
Result: NOTE
     installed size is 5.1Mb
     sub-directories of 1Mb or more:
     data 3.5Mb
     libs 1.4Mb
Flavors: r-devel-linux-x86_64-fedora-clang, r-release-macos-arm64, r-release-macos-x86_64, r-oldrel-macos-arm64, r-oldrel-macos-x86_64, r-oldrel-windows-ix86+x86_64

Version: 1.1
Check: compiled code
Result: NOTE
    File ‘FBFsearch/libs/FBFsearch.so’:
     Found no calls to: ‘R_registerRoutines’, ‘R_useDynamicSymbols’
    
    It is good practice to register native routines and to disable symbol
    search.
    
    See ‘Writing portable packages’ in the ‘Writing R Extensions’ manual.
Flavors: r-devel-linux-x86_64-fedora-clang, r-devel-linux-x86_64-fedora-gcc