Last updated on 2022-07-03 11:53:37 CEST.
Flavor | Version | Tinstall | Tcheck | Ttotal | Status | Flags |
---|---|---|---|---|---|---|
r-devel-linux-x86_64-debian-clang | 2.2.3 | 8.88 | 80.27 | 89.15 | OK | |
r-devel-linux-x86_64-debian-gcc | 2.2.3 | 6.44 | 60.45 | 66.89 | OK | |
r-devel-linux-x86_64-fedora-clang | 2.2.3 | 118.92 | NOTE | |||
r-devel-linux-x86_64-fedora-gcc | 2.2.3 | 114.65 | NOTE | |||
r-devel-windows-x86_64 | 2.2.3 | 33.00 | 116.00 | 149.00 | OK | |
r-patched-linux-x86_64 | 2.2.3 | 7.95 | 76.20 | 84.15 | OK | |
r-release-linux-x86_64 | 2.2.3 | 7.32 | 75.61 | 82.93 | OK | |
r-release-macos-arm64 | 2.2.3 | 35.00 | NOTE | |||
r-release-macos-x86_64 | 2.2.3 | 61.00 | NOTE | |||
r-release-windows-x86_64 | 2.2.3 | 32.00 | 107.00 | 139.00 | OK | |
r-oldrel-macos-arm64 | 2.2.3 | 34.00 | NOTE | |||
r-oldrel-macos-x86_64 | 2.2.3 | 46.00 | NOTE | |||
r-oldrel-windows-ix86+x86_64 | 2.2.3 | 20.00 | 111.00 | 131.00 | OK |
Version: 2.2.3
Check: data for non-ASCII characters
Result: NOTE
Note: found 179 marked UTF-8 strings
Flavors: r-devel-linux-x86_64-fedora-clang, r-devel-linux-x86_64-fedora-gcc, r-release-macos-arm64, r-release-macos-x86_64, r-oldrel-macos-arm64, r-oldrel-macos-x86_64