Last updated on 2024-03-28 09:51:42 CET.
Flavor | Version | Tinstall | Tcheck | Ttotal | Status | Flags |
---|---|---|---|---|---|---|
r-devel-linux-x86_64-debian-clang | 2.6 | 4.13 | 45.06 | 49.19 | NOTE | |
r-devel-linux-x86_64-debian-gcc | 2.6 | 3.09 | 34.93 | 38.02 | NOTE | |
r-devel-linux-x86_64-fedora-clang | 2.6 | 60.23 | NOTE | |||
r-devel-linux-x86_64-fedora-gcc | 2.6 | 60.64 | NOTE | |||
r-devel-windows-x86_64 | 2.6 | 5.00 | 55.00 | 60.00 | NOTE | |
r-patched-linux-x86_64 | 2.6 | 6.20 | 46.68 | 52.88 | NOTE | |
r-release-linux-x86_64 | 2.6 | 3.00 | 45.99 | 48.99 | OK | |
r-release-macos-arm64 | 2.6 | 26.00 | OK | |||
r-release-macos-x86_64 | 2.6 | 47.00 | OK | |||
r-release-windows-x86_64 | 2.6 | 5.00 | 61.00 | 66.00 | OK | |
r-oldrel-macos-arm64 | 2.6 | 26.00 | OK | |||
r-oldrel-windows-x86_64 | 2.6 | 18.00 | 71.00 | 89.00 | OK |
Version: 2.6
Check: Rd files
Result: NOTE
checkRd: (-1) pi0FAMT.Rd:18: Lost braces
18 | \code{pi0}{The estimated proportion \code{pi0} of null hypotheses.}}
| ^
Flavors: r-devel-linux-x86_64-debian-clang, r-devel-linux-x86_64-debian-gcc, r-devel-linux-x86_64-fedora-clang, r-devel-linux-x86_64-fedora-gcc, r-devel-windows-x86_64, r-patched-linux-x86_64