Last updated on 2022-06-26 11:52:31 CEST.
Flavor | Version | Tinstall | Tcheck | Ttotal | Status | Flags |
---|---|---|---|---|---|---|
r-devel-linux-x86_64-debian-clang | 0.0.2 | 3.89 | 51.57 | 55.46 | OK | |
r-devel-linux-x86_64-debian-gcc | 0.0.2 | 3.44 | 38.06 | 41.50 | OK | |
r-devel-linux-x86_64-fedora-clang | 0.0.2 | 75.82 | NOTE | |||
r-devel-linux-x86_64-fedora-gcc | 0.0.2 | 72.92 | NOTE | |||
r-devel-windows-x86_64 | 0.0.2 | 20.00 | 74.00 | 94.00 | OK | |
r-patched-linux-x86_64 | 0.0.2 | 4.88 | 48.18 | 53.06 | OK | |
r-release-linux-x86_64 | 0.0.2 | 4.89 | 48.88 | 53.77 | OK | |
r-release-macos-arm64 | 0.0.2 | 22.00 | NOTE | |||
r-release-macos-x86_64 | 0.0.2 | 42.00 | NOTE | |||
r-release-windows-x86_64 | 0.0.2 | 13.00 | 74.00 | 87.00 | OK | |
r-oldrel-macos-arm64 | 0.0.2 | 21.00 | NOTE | |||
r-oldrel-macos-x86_64 | 0.0.2 | 29.00 | NOTE | |||
r-oldrel-windows-ix86+x86_64 | 0.0.2 | 13.00 | 66.00 | 79.00 | OK |
Version: 0.0.2
Check: dependencies in R code
Result: NOTE
Namespace in Imports field not imported from: ‘stringr’
All declared Imports should be used.
Flavors: r-devel-linux-x86_64-fedora-clang, r-devel-linux-x86_64-fedora-gcc, r-release-macos-arm64, r-release-macos-x86_64, r-oldrel-macos-arm64, r-oldrel-macos-x86_64