Last updated on 2024-03-28 09:51:42 CET.
Flavor | Version | Tinstall | Tcheck | Ttotal | Status | Flags |
---|---|---|---|---|---|---|
r-devel-linux-x86_64-debian-clang | 1.1.1 | 17.48 | 157.31 | 174.79 | NOTE | |
r-devel-linux-x86_64-debian-gcc | 1.1.1 | 13.25 | 114.32 | 127.57 | NOTE | |
r-devel-linux-x86_64-fedora-clang | 1.1.1 | 209.78 | NOTE | |||
r-devel-linux-x86_64-fedora-gcc | 1.1.1 | 207.75 | NOTE | |||
r-devel-windows-x86_64 | 1.1.1 | 14.00 | 115.00 | 129.00 | NOTE | |
r-patched-linux-x86_64 | 1.1.1 | 14.07 | 150.21 | 164.28 | NOTE | |
r-release-linux-x86_64 | 1.1.1 | 18.05 | 153.67 | 171.72 | OK | |
r-release-macos-arm64 | 1.1.1 | 65.00 | OK | |||
r-release-macos-x86_64 | 1.1.1 | 104.00 | OK | |||
r-release-windows-x86_64 | 1.1.1 | 19.00 | 148.00 | 167.00 | OK | |
r-oldrel-macos-arm64 | 1.1.1 | 61.00 | OK | |||
r-oldrel-windows-x86_64 | 1.1.1 | 21.00 | 151.00 | 172.00 | OK |
Version: 1.1.1
Check: Rd files
Result: NOTE
checkRd: (-1) FADPclust.Rd:28: Lost braces in \itemize; \value handles \item{}{} directly
checkRd: (-1) FADPclust.Rd:29: Lost braces in \itemize; \value handles \item{}{} directly
checkRd: (-1) FADPclust.Rd:30: Lost braces in \itemize; \value handles \item{}{} directly
checkRd: (-1) FADPclust.Rd:31: Lost braces in \itemize; \value handles \item{}{} directly
checkRd: (-1) FADPclust.Rd:32: Lost braces in \itemize; \value handles \item{}{} directly
checkRd: (-1) FADPclust.Rd:33: Lost braces in \itemize; \value handles \item{}{} directly
checkRd: (-1) FADPclust.Rd:34: Lost braces in \itemize; \value handles \item{}{} directly
checkRd: (-1) FADPclust.Rd:35: Lost braces in \itemize; \value handles \item{}{} directly
checkRd: (-1) FADPclust.Rd:36: Lost braces in \itemize; \value handles \item{}{} directly
checkRd: (-1) FADPclust.Rd:37: Lost braces in \itemize; \value handles \item{}{} directly
Flavors: r-devel-linux-x86_64-debian-clang, r-devel-linux-x86_64-debian-gcc, r-devel-linux-x86_64-fedora-clang, r-devel-linux-x86_64-fedora-gcc, r-devel-windows-x86_64, r-patched-linux-x86_64