CRAN Package Check Results for Package FABInference

Last updated on 2022-07-05 11:49:53 CEST.

Flavor Version Tinstall Tcheck Ttotal Status Flags
r-devel-linux-x86_64-debian-clang 0.1 2.94 34.08 37.02 NOTE
r-devel-linux-x86_64-debian-gcc 0.1 2.27 25.68 27.95 NOTE
r-devel-linux-x86_64-fedora-clang 0.1 54.83 NOTE
r-devel-linux-x86_64-fedora-gcc 0.1 54.93 NOTE
r-devel-windows-x86_64 0.1 25.00 58.00 83.00 NOTE
r-patched-linux-x86_64 0.1 3.00 34.70 37.70 NOTE
r-release-linux-x86_64 0.1 2.28 32.85 35.13 NOTE
r-release-macos-arm64 0.1 15.00 NOTE
r-release-macos-x86_64 0.1 23.00 NOTE
r-release-windows-x86_64 0.1 32.00 58.00 90.00 NOTE
r-oldrel-macos-arm64 0.1 19.00 NOTE
r-oldrel-macos-x86_64 0.1 29.00 NOTE
r-oldrel-windows-ix86+x86_64 0.1 6.00 57.00 63.00 NOTE

Check Details

Version: 0.1
Check: LazyData
Result: NOTE
     'LazyData' is specified without a 'data' directory
Flavors: r-devel-linux-x86_64-debian-clang, r-devel-linux-x86_64-debian-gcc, r-devel-linux-x86_64-fedora-clang, r-devel-linux-x86_64-fedora-gcc, r-devel-windows-x86_64, r-patched-linux-x86_64, r-release-linux-x86_64, r-release-macos-arm64, r-release-macos-x86_64, r-release-windows-x86_64, r-oldrel-macos-arm64, r-oldrel-macos-x86_64, r-oldrel-windows-ix86+x86_64