CRAN Package Check Results for Package ExpertChoice

Last updated on 2022-07-02 12:53:02 CEST.

Flavor Version Tinstall Tcheck Ttotal Status Flags
r-devel-linux-x86_64-debian-clang 0.2.0 2.48 55.39 57.87 NOTE
r-devel-linux-x86_64-debian-gcc 0.2.0 1.99 42.48 44.47 NOTE
r-devel-linux-x86_64-fedora-clang 0.2.0 79.42 NOTE
r-devel-linux-x86_64-fedora-gcc 0.2.0 76.95 NOTE
r-devel-windows-x86_64 0.2.0 21.00 96.00 117.00 NOTE
r-patched-linux-x86_64 0.2.0 2.73 52.81 55.54 NOTE
r-release-linux-x86_64 0.2.0 2.60 54.39 56.99 NOTE
r-release-macos-arm64 0.2.0 28.00 NOTE
r-release-macos-x86_64 0.2.0 50.00 NOTE
r-release-windows-x86_64 0.2.0 17.00 88.00 105.00 NOTE
r-oldrel-macos-arm64 0.2.0 34.00 NOTE
r-oldrel-macos-x86_64 0.2.0 49.00 NOTE
r-oldrel-windows-ix86+x86_64 0.2.0 7.00 75.00 82.00 NOTE

Check Details

Version: 0.2.0
Check: LazyData
Result: NOTE
     'LazyData' is specified without a 'data' directory
Flavors: r-devel-linux-x86_64-debian-clang, r-devel-linux-x86_64-debian-gcc, r-devel-linux-x86_64-fedora-clang, r-devel-linux-x86_64-fedora-gcc, r-devel-windows-x86_64, r-patched-linux-x86_64, r-release-linux-x86_64, r-release-macos-arm64, r-release-macos-x86_64, r-release-windows-x86_64, r-oldrel-macos-arm64, r-oldrel-macos-x86_64, r-oldrel-windows-ix86+x86_64