Last updated on 2025-04-29 12:52:35 CEST.
Flavor | Version | Tinstall | Tcheck | Ttotal | Status | Flags |
---|---|---|---|---|---|---|
r-devel-linux-x86_64-debian-clang | 1.0 | 1.65 | 19.02 | 20.67 | NOTE | |
r-devel-linux-x86_64-debian-gcc | 1.0 | 1.53 | 15.40 | 16.93 | NOTE | |
r-devel-linux-x86_64-fedora-clang | 1.0 | 33.77 | OK | |||
r-devel-linux-x86_64-fedora-gcc | 1.0 | 31.68 | OK | |||
r-devel-windows-x86_64 | 1.0 | 3.00 | 38.00 | 41.00 | OK | |
r-patched-linux-x86_64 | 1.0 | 1.95 | 18.38 | 20.33 | OK | |
r-release-linux-x86_64 | 1.0 | 1.67 | 18.29 | 19.96 | OK | |
r-release-macos-arm64 | 1.0 | 16.00 | OK | |||
r-release-macos-x86_64 | 1.0 | 30.00 | OK | |||
r-release-windows-x86_64 | 1.0 | 4.00 | 38.00 | 42.00 | OK | |
r-oldrel-macos-arm64 | 1.0 | 14.00 | OK | |||
r-oldrel-macos-x86_64 | 1.0 | 22.00 | OK | |||
r-oldrel-windows-x86_64 | 1.0 | 3.00 | 36.00 | 39.00 | OK |
Version: 1.0
Check: CRAN incoming feasibility
Result: NOTE
Maintainer: ‘Larisa Zamora-Matamoros <larisa@uo.edu.cu>’
No Authors@R field in DESCRIPTION.
Please add one, modifying
Authors@R: c(person(given = "Larisa",
family = "Zamora-Matamoros",
role = c("aut", "cre"),
email = "larisa@uo.edu.cu"),
person(given = "Jorge",
family = "Diaz-Silvera",
role = "aut"))
as necessary.
Flavors: r-devel-linux-x86_64-debian-clang, r-devel-linux-x86_64-debian-gcc