CRAN Package Check Results for Package ExomeDepth

Last updated on 2022-07-01 11:51:59 CEST.

Flavor Version Tinstall Tcheck Ttotal Status Flags
r-devel-linux-x86_64-debian-clang 1.1.15 46.61 338.46 385.07 OK
r-devel-linux-x86_64-debian-gcc 1.1.15 36.11 253.71 289.82 OK
r-devel-linux-x86_64-fedora-clang 1.1.15 475.70 OK
r-devel-linux-x86_64-fedora-gcc 1.1.15 492.79 OK
r-devel-windows-x86_64 1.1.15 80.00 364.00 444.00 OK
r-patched-linux-x86_64 1.1.15 40.58 322.27 362.85 OK
r-release-linux-x86_64 1.1.15 41.79 318.71 360.50 OK
r-release-macos-arm64 1.1.15 143.00 OK
r-release-macos-x86_64 1.1.15 196.00 WARN
r-release-windows-x86_64 1.1.15 83.00 303.00 386.00 OK
r-oldrel-macos-arm64 1.1.15 181.00 OK
r-oldrel-macos-x86_64 1.1.15 190.00 WARN
r-oldrel-windows-ix86+x86_64 1.1.15 106.00 455.00 561.00 OK

Check Details

Version: 1.1.15
Check: whether package can be installed
Result: WARN
    Found the following significant warnings:
     VP_psi.c:843:8: warning: 'gsl_finite' is deprecated: first deprecated in macOS 10.9 [-Wdeprecated-declarations]
     VP_psi.c:843:41: warning: 'gsl_finite' is deprecated: first deprecated in macOS 10.9 [-Wdeprecated-declarations]
Flavors: r-release-macos-x86_64, r-oldrel-macos-x86_64