Last updated on 2024-03-28 09:51:42 CET.
Flavor | Version | Tinstall | Tcheck | Ttotal | Status | Flags |
---|---|---|---|---|---|---|
r-devel-linux-x86_64-debian-clang | 1.0.1 | 62.31 | 30.08 | 92.39 | NOTE | |
r-devel-linux-x86_64-debian-gcc | 1.0.1 | 47.18 | 23.06 | 70.24 | NOTE | |
r-devel-linux-x86_64-fedora-clang | 1.0.1 | 140.55 | NOTE | |||
r-devel-linux-x86_64-fedora-gcc | 1.0.1 | 133.82 | NOTE | |||
r-devel-windows-x86_64 | 1.0.1 | 50.00 | 59.00 | 109.00 | NOTE | |
r-patched-linux-x86_64 | 1.0.1 | 56.62 | 28.00 | 84.62 | NOTE | |
r-release-linux-x86_64 | 1.0.1 | 59.64 | 29.01 | 88.65 | NOTE | |
r-release-macos-arm64 | 1.0.1 | 34.00 | NOTE | |||
r-release-macos-x86_64 | 1.0.1 | 56.00 | NOTE | |||
r-release-windows-x86_64 | 1.0.1 | 60.00 | 69.00 | 129.00 | NOTE | |
r-oldrel-macos-arm64 | 1.0.1 | 32.00 | OK | |||
r-oldrel-windows-x86_64 | 1.0.1 | 59.00 | 69.00 | 128.00 | OK |
Version: 1.0.1
Check: C++ specification
Result: NOTE
Specified C++11: please drop specification unless essential
Flavors: r-devel-linux-x86_64-debian-clang, r-devel-linux-x86_64-debian-gcc, r-devel-linux-x86_64-fedora-clang, r-devel-linux-x86_64-fedora-gcc, r-devel-windows-x86_64, r-patched-linux-x86_64, r-release-linux-x86_64, r-release-macos-arm64, r-release-macos-x86_64, r-release-windows-x86_64