CRAN Package Check Results for Package EventStudy

Last updated on 2022-07-01 11:51:59 CEST.

Flavor Version Tinstall Tcheck Ttotal Status Flags
r-devel-linux-x86_64-debian-clang 0.37 16.04 99.44 115.48 OK
r-devel-linux-x86_64-debian-gcc 0.37 12.72 72.33 85.05 OK
r-devel-linux-x86_64-fedora-clang 0.37 144.06 NOTE
r-devel-linux-x86_64-fedora-gcc 0.37 142.70 NOTE
r-devel-windows-x86_64 0.37 43.00 131.00 174.00 NOTE
r-patched-linux-x86_64 0.37 17.70 92.11 109.81 OK
r-release-linux-x86_64 0.37 16.95 88.81 105.76 OK
r-release-macos-arm64 0.37 45.00 NOTE
r-release-macos-x86_64 0.37 69.00 NOTE
r-release-windows-x86_64 0.37 54.00 133.00 187.00 NOTE
r-oldrel-macos-arm64 0.37 41.00 NOTE
r-oldrel-macos-x86_64 0.37 57.00 NOTE
r-oldrel-windows-ix86+x86_64 0.37 35.00 123.00 158.00 NOTE

Check Details

Version: 0.37
Check: installed package size
Result: NOTE
     installed size is 6.7Mb
     sub-directories of 1Mb or more:
     doc 5.8Mb
Flavors: r-devel-linux-x86_64-fedora-clang, r-devel-windows-x86_64, r-release-macos-arm64, r-release-macos-x86_64, r-release-windows-x86_64, r-oldrel-macos-arm64, r-oldrel-macos-x86_64, r-oldrel-windows-ix86+x86_64

Version: 0.37
Check: dependencies in R code
Result: NOTE
    Namespaces in Imports field not imported from:
     ‘curl’ ‘openxlsx’ ‘stringr’
     All declared Imports should be used.
Flavors: r-devel-linux-x86_64-fedora-clang, r-devel-linux-x86_64-fedora-gcc, r-release-macos-arm64, r-release-macos-x86_64, r-oldrel-macos-arm64, r-oldrel-macos-x86_64

Version: 0.37
Check: Rd cross-references
Result: NOTE
    Undeclared package ‘R6’ in Rd xrefs
Flavor: r-devel-linux-x86_64-fedora-clang