CRAN Package Check Results for Package EstimationTools

Last updated on 2022-12-03 12:57:15 CET.

Flavor Version Tinstall Tcheck Ttotal Status Flags
r-devel-linux-x86_64-debian-clang 2.1.0 11.96 273.18 285.14 OK
r-devel-linux-x86_64-debian-gcc 2.1.0 8.82 212.16 220.98 OK
r-devel-linux-x86_64-fedora-clang 2.1.0 365.99 NOTE
r-devel-linux-x86_64-fedora-gcc 2.1.0 377.73 NOTE
r-devel-windows-x86_64 2.1.0 67.00 365.00 432.00 OK
r-patched-linux-x86_64 2.1.0 15.58 257.06 272.64 OK
r-release-linux-x86_64 2.1.0 11.40 251.91 263.31 OK
r-release-macos-arm64 2.1.0 105.00 NOTE
r-release-macos-x86_64 2.1.0 164.00 NOTE
r-release-windows-x86_64 2.1.0 69.00 378.00 447.00 OK
r-oldrel-macos-arm64 2.1.0 122.00 NOTE
r-oldrel-macos-x86_64 2.1.0 182.00 NOTE
r-oldrel-windows-ix86+x86_64 2.1.0 25.00 355.00 380.00 OK

Check Details

Version: 2.1.0
Check: dependencies in R code
Result: NOTE
    Namespace in Imports field not imported from: ‘matrixStats’
     All declared Imports should be used.
Flavors: r-devel-linux-x86_64-fedora-clang, r-devel-linux-x86_64-fedora-gcc, r-release-macos-arm64, r-release-macos-x86_64, r-oldrel-macos-arm64, r-oldrel-macos-x86_64