CRAN Package Check Results for Package EpistemicGameTheory

Last updated on 2022-07-04 12:54:08 CEST.

Flavor Version Tinstall Tcheck Ttotal Status Flags
r-devel-linux-x86_64-debian-clang 0.1.2 3.93 27.12 31.05 NOTE
r-devel-linux-x86_64-debian-gcc 0.1.2 2.64 20.31 22.95 NOTE
r-devel-linux-x86_64-fedora-clang 0.1.2 48.01 NOTE
r-devel-linux-x86_64-fedora-gcc 0.1.2 47.20 NOTE
r-devel-windows-x86_64 0.1.2 49.00 51.00 100.00 NOTE
r-patched-linux-x86_64 0.1.2 2.43 25.43 27.86 NOTE
r-release-linux-x86_64 0.1.2 3.54 25.90 29.44 NOTE
r-release-macos-arm64 0.1.2 17.00 NOTE
r-release-macos-x86_64 0.1.2 21.00 NOTE
r-release-windows-x86_64 0.1.2 33.00 50.00 83.00 NOTE
r-oldrel-macos-arm64 0.1.2 20.00 NOTE
r-oldrel-macos-x86_64 0.1.2 27.00 NOTE
r-oldrel-windows-ix86+x86_64 0.1.2 6.00 45.00 51.00 NOTE

Check Details

Version: 0.1.2
Check: LazyData
Result: NOTE
     'LazyData' is specified without a 'data' directory
Flavors: r-devel-linux-x86_64-debian-clang, r-devel-linux-x86_64-debian-gcc, r-devel-linux-x86_64-fedora-clang, r-devel-linux-x86_64-fedora-gcc, r-devel-windows-x86_64, r-patched-linux-x86_64, r-release-linux-x86_64, r-release-macos-arm64, r-release-macos-x86_64, r-release-windows-x86_64, r-oldrel-macos-arm64, r-oldrel-macos-x86_64, r-oldrel-windows-ix86+x86_64