Last updated on 2023-12-11 11:53:30 CET.
Flavor | Version | Tinstall | Tcheck | Ttotal | Status | Flags |
---|---|---|---|---|---|---|
r-devel-linux-x86_64-debian-clang | 1.0.2 | 9.43 | 100.21 | 109.64 | NOTE | |
r-devel-linux-x86_64-debian-gcc | 1.0.2 | 7.44 | 75.47 | 82.91 | NOTE | |
r-devel-linux-x86_64-fedora-clang | 1.0.2 | OK | ||||
r-devel-linux-x86_64-fedora-gcc | 1.0.2 | 153.95 | OK | |||
r-devel-windows-x86_64 | 1.0.2 | 10.00 | 105.00 | 115.00 | OK | |
r-patched-linux-x86_64 | 1.0.2 | 13.30 | 95.45 | 108.75 | OK | |
r-release-linux-x86_64 | 1.0.2 | 6.77 | 97.34 | 104.11 | OK | |
r-release-macos-arm64 | 1.0.2 | 51.00 | OK | |||
r-release-macos-x86_64 | 1.0.2 | 76.00 | OK | |||
r-release-windows-x86_64 | 1.0.2 | 12.00 | 122.00 | 134.00 | OK | |
r-oldrel-macos-arm64 | 1.0.2 | 44.00 | OK | |||
r-oldrel-macos-x86_64 | 1.0.2 | 95.00 | OK | |||
r-oldrel-windows-x86_64 | 1.0.2 | 12.00 | 119.00 | 131.00 | OK |
Version: 1.0.2
Check: Rd files
Result: NOTE
checkRd: (-1) getAgeGender.Rd:52: Lost braces in \itemize; meant \describe ?
checkRd: (-1) getAgeGender.Rd:53: Lost braces in \itemize; meant \describe ?
checkRd: (-1) getAgeGender.Rd:54: Lost braces in \itemize; meant \describe ?
checkRd: (-1) getAgeGender.Rd:55: Lost braces in \itemize; meant \describe ?
checkRd: (-1) getMap.Rd:44-45: Lost braces in \itemize; meant \describe ?
checkRd: (-1) getMap.Rd:46-48: Lost braces in \itemize; meant \describe ?
checkRd: (-1) getMap.Rd:49-51: Lost braces in \itemize; meant \describe ?
checkRd: (-1) getSeason.Rd:55: Lost braces in \itemize; meant \describe ?
checkRd: (-1) getSeason.Rd:56: Lost braces in \itemize; meant \describe ?
checkRd: (-1) getSeason.Rd:57: Lost braces in \itemize; meant \describe ?
checkRd: (-1) getSeason.Rd:58: Lost braces in \itemize; meant \describe ?
checkRd: (-1) getTableByMS.Rd:59: Lost braces in \itemize; meant \describe ?
checkRd: (-1) getTableByMS.Rd:60: Lost braces in \itemize; meant \describe ?
checkRd: (-1) getTableByMS.Rd:61-62: Lost braces in \itemize; meant \describe ?
checkRd: (-1) getTrend.Rd:55: Lost braces in \itemize; meant \describe ?
checkRd: (-1) getTrend.Rd:56: Lost braces in \itemize; meant \describe ?
checkRd: (-1) plotAgeGender.Rd:45: Lost braces in \itemize; meant \describe ?
checkRd: (-1) plotAgeGender.Rd:46: Lost braces in \itemize; meant \describe ?
checkRd: (-1) plotAgeGender.Rd:47: Lost braces in \itemize; meant \describe ?
checkRd: (-1) plotSeasonality.Rd:42: Lost braces in \itemize; meant \describe ?
checkRd: (-1) plotSeasonality.Rd:43: Lost braces in \itemize; meant \describe ?
checkRd: (-1) plotSeasonality.Rd:44: Lost braces in \itemize; meant \describe ?
checkRd: (-1) plotSeasonality.Rd:45: Lost braces in \itemize; meant \describe ?
checkRd: (-1) plotTS12MAvg.Rd:27: Lost braces in \itemize; meant \describe ?
checkRd: (-1) plotTS12MAvg.Rd:28: Lost braces in \itemize; meant \describe ?
Flavors: r-devel-linux-x86_64-debian-clang, r-devel-linux-x86_64-debian-gcc