Last updated on 2024-04-17 10:41:35 CEST.
Flavor | Version | Tinstall | Tcheck | Ttotal | Status | Flags |
---|---|---|---|---|---|---|
r-devel-linux-x86_64-debian-clang | 1.5.2 | 10.89 | 285.48 | 296.37 | OK | |
r-devel-linux-x86_64-debian-gcc | 1.5.2 | 10.48 | 208.17 | 218.65 | OK | |
r-devel-linux-x86_64-fedora-clang | 1.5.2 | 366.93 | NOTE | |||
r-devel-linux-x86_64-fedora-gcc | 1.5.2 | 368.71 | OK | |||
r-prerel-macos-arm64 | 1.5.2 | 105.00 | OK | |||
r-prerel-windows-x86_64 | 1.5.2 | 14.00 | 343.00 | 357.00 | OK | |
r-patched-linux-x86_64 | 1.5.2 | 13.78 | 269.16 | 282.94 | OK | |
r-release-linux-x86_64 | 1.5.2 | 10.28 | 285.04 | 295.32 | OK | |
r-release-macos-arm64 | 1.5.2 | 170.00 | OK | |||
r-release-macos-x86_64 | 1.5.2 | 353.00 | OK | |||
r-release-windows-x86_64 | 1.5.2 | 17.00 | 365.00 | 382.00 | OK | |
r-oldrel-macos-arm64 | 1.5.2 | 164.00 | OK | |||
r-oldrel-windows-x86_64 | 1.5.2 | 16.00 | 351.00 | 367.00 | OK |
Version: 1.5.2
Check: installed package size
Result: NOTE
installed size is 5.7Mb
sub-directories of 1Mb or more:
libs 4.8Mb
Flavor: r-devel-linux-x86_64-fedora-clang