Last updated on 2024-04-18 12:52:43 CEST.
Flavor | Version | Tinstall | Tcheck | Ttotal | Status | Flags |
---|---|---|---|---|---|---|
r-devel-linux-x86_64-debian-clang | 0.1.1 | 14.75 | 167.32 | 182.07 | OK | |
r-devel-linux-x86_64-debian-gcc | 0.1.1 | 13.53 | 122.55 | 136.08 | OK | |
r-devel-linux-x86_64-fedora-clang | 0.1.1 | 232.06 | NOTE | |||
r-devel-linux-x86_64-fedora-gcc | 0.1.1 | 236.71 | OK | |||
r-prerel-macos-arm64 | 0.1.1 | 67.00 | OK | |||
r-prerel-macos-x86_64 | 0.1.1 | 133.00 | OK | |||
r-prerel-windows-x86_64 | 0.1.1 | 15.00 | 129.00 | 144.00 | OK | |
r-patched-linux-x86_64 | 0.1.1 | 23.23 | 160.88 | 184.11 | OK | |
r-release-linux-x86_64 | 0.1.1 | 11.16 | 161.79 | 172.95 | OK | |
r-release-macos-arm64 | 0.1.1 | 73.00 | OK | |||
r-release-macos-x86_64 | 0.1.1 | 146.00 | OK | |||
r-release-windows-x86_64 | 0.1.1 | 22.00 | 169.00 | 191.00 | OK | |
r-oldrel-macos-arm64 | 0.1.1 | 79.00 | OK | |||
r-oldrel-windows-x86_64 | 0.1.1 | 21.00 | 163.00 | 184.00 | OK |
Version: 0.1.1
Check: package dependencies
Result: NOTE
Imports includes 23 non-default packages.
Importing from so many packages makes the package vulnerable to any of
them becoming unavailable. Move as many as possible to Suggests and
use conditionally.
Flavor: r-devel-linux-x86_64-fedora-clang