CRAN Package Check Results for Package EpiCurve

Last updated on 2022-09-29 10:52:43 CEST.

Flavor Version Tinstall Tcheck Ttotal Status Flags
r-devel-linux-x86_64-debian-clang 2.4-2 6.64 95.28 101.92 OK
r-devel-linux-x86_64-debian-gcc 2.4-2 5.44 69.59 75.03 OK
r-devel-linux-x86_64-fedora-clang 2.4-2 137.45 NOTE
r-devel-linux-x86_64-fedora-gcc 2.4-2 126.81 NOTE
r-devel-windows-x86_64 2.4-2 13.00 153.00 166.00 OK
r-patched-linux-x86_64 2.4-2 5.72 88.29 94.01 OK
r-release-linux-x86_64 2.4-2 6.11 89.18 95.29 OK
r-release-macos-arm64 2.4-2 37.00 NOTE
r-release-macos-x86_64 2.4-2 64.00 NOTE
r-release-windows-x86_64 2.4-2 11.00 156.00 167.00 OK
r-oldrel-macos-arm64 2.4-2 43.00 NOTE
r-oldrel-macos-x86_64 2.4-2 49.00 NOTE
r-oldrel-windows-ix86+x86_64 2.4-2 18.00 133.00 151.00 OK

Check Details

Version: 2.4-2
Check: dependencies in R code
Result: NOTE
    Namespace in Imports field not imported from: ‘tibble’
     All declared Imports should be used.
Flavors: r-devel-linux-x86_64-fedora-clang, r-devel-linux-x86_64-fedora-gcc, r-release-macos-arm64, r-release-macos-x86_64, r-oldrel-macos-arm64, r-oldrel-macos-x86_64