Last updated on 2024-04-18 12:52:43 CEST.
Flavor | Version | Tinstall | Tcheck | Ttotal | Status | Flags |
---|---|---|---|---|---|---|
r-devel-linux-x86_64-debian-clang | 0.1.3 | 12.20 | 518.64 | 530.84 | NOTE | |
r-devel-linux-x86_64-debian-gcc | 0.1.3 | 9.07 | 353.09 | 362.16 | NOTE | |
r-devel-linux-x86_64-fedora-clang | 0.1.3 | 636.92 | NOTE | |||
r-devel-linux-x86_64-fedora-gcc | 0.1.3 | 610.40 | NOTE | |||
r-prerel-macos-arm64 | 0.1.3 | 142.00 | NOTE | |||
r-prerel-windows-x86_64 | 0.1.3 | 10.00 | 382.00 | 392.00 | NOTE | |
r-patched-linux-x86_64 | 0.1.3 | 12.43 | 500.82 | 513.25 | NOTE | |
r-release-linux-x86_64 | 0.1.3 | 11.91 | 499.07 | 510.98 | OK | |
r-release-macos-arm64 | 0.1.3 | 151.00 | OK | |||
r-release-macos-x86_64 | 0.1.3 | 258.00 | OK | |||
r-release-windows-x86_64 | 0.1.3 | 13.00 | 529.00 | 542.00 | OK | |
r-oldrel-macos-arm64 | 0.1.3 | 118.00 | OK | |||
r-oldrel-windows-x86_64 | 0.1.3 | 16.00 | 517.00 | 533.00 | OK |
Version: 0.1.3
Check: Rd files
Result: NOTE
checkRd: (-1) metrics.Rd:124: Lost braces
124 | Avg = 0.5 (sum | P_i - Q_i| + max{ | P_i - Q_i |})
| ^
Flavors: r-devel-linux-x86_64-debian-clang, r-devel-linux-x86_64-debian-gcc, r-devel-linux-x86_64-fedora-clang, r-devel-linux-x86_64-fedora-gcc, r-prerel-macos-arm64, r-prerel-windows-x86_64, r-patched-linux-x86_64