CRAN Package Check Results for Package EntropyMCMC

Last updated on 2022-10-04 11:50:10 CEST.

Flavor Version Tinstall Tcheck Ttotal Status Flags
r-devel-linux-x86_64-debian-clang 1.0.4 12.25 118.76 131.01 OK
r-devel-linux-x86_64-debian-gcc 1.0.4 10.00 87.65 97.65 OK
r-devel-linux-x86_64-fedora-clang 1.0.4 167.41 OK
r-devel-linux-x86_64-fedora-gcc 1.0.4 160.16 OK
r-devel-windows-x86_64 1.0.4 48.00 140.00 188.00 OK
r-patched-linux-x86_64 1.0.4 11.31 108.19 119.50 OK
r-release-linux-x86_64 1.0.4 10.98 108.64 119.62 OK
r-release-macos-arm64 1.0.4 41.00 NOTE
r-release-macos-x86_64 1.0.4 60.00 NOTE
r-release-windows-x86_64 1.0.4 32.00 142.00 174.00 OK
r-oldrel-macos-arm64 1.0.4 48.00 NOTE
r-oldrel-macos-x86_64 1.0.4 85.00 NOTE
r-oldrel-windows-ix86+x86_64 1.0.4 28.00 182.00 210.00 OK

Check Details

Version: 1.0.4
Check: package dependencies
Result: NOTE
    Package suggested but not available for checking: ‘Rmpi’
Flavors: r-release-macos-arm64, r-release-macos-x86_64, r-oldrel-macos-arm64, r-oldrel-macos-x86_64