Last updated on 2023-02-05 11:10:31 CET.
Flavor | Version | Tinstall | Tcheck | Ttotal | Status | Flags |
---|---|---|---|---|---|---|
r-devel-linux-x86_64-debian-clang | 0.4.7 | 436.21 | 287.89 | 724.10 | NOTE | |
r-devel-linux-x86_64-debian-gcc | 0.4.7 | 418.17 | 255.20 | 673.37 | NOTE | |
r-devel-linux-x86_64-fedora-clang | 0.4.7 | 927.38 | NOTE | |||
r-devel-linux-x86_64-fedora-gcc | 0.4.7 | 1139.55 | NOTE | |||
r-devel-windows-x86_64 | 0.4.7 | 351.00 | 424.00 | 775.00 | NOTE | |
r-patched-linux-x86_64 | 0.4.7 | 412.14 | 330.42 | 742.56 | NOTE | |
r-release-linux-x86_64 | 0.4.7 | 418.98 | 325.99 | 744.97 | NOTE | |
r-release-macos-arm64 | 0.4.7 | 248.00 | NOTE | |||
r-release-macos-x86_64 | 0.4.7 | 349.00 | NOTE | |||
r-release-windows-x86_64 | 0.4.7 | 332.00 | 444.00 | 776.00 | NOTE | |
r-oldrel-macos-arm64 | 0.4.7 | 242.00 | NOTE | |||
r-oldrel-macos-x86_64 | 0.4.7 | 343.00 | NOTE | |||
r-oldrel-windows-ix86+x86_64 | 0.4.7 | 824.00 | 730.00 | 1554.00 | NOTE |
Version: 0.4.7
Check: C++ specification
Result: NOTE
Specified C++14: please update to current default of C++17
Flavors: r-devel-linux-x86_64-debian-clang, r-devel-linux-x86_64-debian-gcc, r-devel-linux-x86_64-fedora-clang, r-devel-linux-x86_64-fedora-gcc, r-devel-windows-x86_64
Version: 0.4.7
Check: for GNU extensions in Makefiles
Result: NOTE
GNU make is a SystemRequirements.
Flavors: r-devel-linux-x86_64-debian-clang, r-devel-linux-x86_64-debian-gcc, r-devel-linux-x86_64-fedora-clang, r-devel-linux-x86_64-fedora-gcc, r-devel-windows-x86_64, r-patched-linux-x86_64, r-release-linux-x86_64, r-release-macos-arm64, r-release-macos-x86_64, r-release-windows-x86_64, r-oldrel-macos-arm64, r-oldrel-macos-x86_64, r-oldrel-windows-ix86+x86_64
Version: 0.4.7
Check: installed package size
Result: NOTE
installed size is 6.1Mb
sub-directories of 1Mb or more:
libs 4.8Mb
Flavors: r-devel-linux-x86_64-fedora-clang, r-devel-windows-x86_64, r-release-macos-arm64, r-release-macos-x86_64, r-release-windows-x86_64, r-oldrel-macos-arm64, r-oldrel-macos-x86_64, r-oldrel-windows-ix86+x86_64