Last updated on 2022-06-30 11:53:07 CEST.
Flavor | Version | Tinstall | Tcheck | Ttotal | Status | Flags |
---|---|---|---|---|---|---|
r-devel-linux-x86_64-debian-clang | 0.3.1 | 4.71 | 185.87 | 190.58 | OK | |
r-devel-linux-x86_64-debian-gcc | 0.3.1 | 4.51 | 126.51 | 131.02 | OK | |
r-devel-linux-x86_64-fedora-clang | 0.3.1 | 228.09 | WARN | |||
r-devel-linux-x86_64-fedora-gcc | 0.3.1 | 232.17 | WARN | |||
r-devel-windows-x86_64 | 0.3.1 | 24.00 | 206.00 | 230.00 | OK | |
r-patched-linux-x86_64 | 0.3.1 | 4.81 | 178.25 | 183.06 | OK | |
r-release-linux-x86_64 | 0.3.1 | 4.99 | 179.06 | 184.05 | OK | |
r-release-macos-arm64 | 0.3.1 | 59.00 | OK | |||
r-release-macos-x86_64 | 0.3.1 | 100.00 | OK | |||
r-release-windows-x86_64 | 0.3.1 | 12.00 | 222.00 | 234.00 | OK | |
r-oldrel-macos-arm64 | 0.3.1 | 71.00 | OK | |||
r-oldrel-macos-x86_64 | 0.3.1 | 72.00 | OK | |||
r-oldrel-windows-ix86+x86_64 | 0.3.1 | 14.00 | 253.00 | 267.00 | OK |
Version: 0.3.1
Check: package dependencies
Result: WARN
Requires (indirectly) orphaned package: ‘gtools’
Flavors: r-devel-linux-x86_64-fedora-clang, r-devel-linux-x86_64-fedora-gcc