Last updated on 2025-05-04 12:48:40 CEST.
Flavor | Version | Tinstall | Tcheck | Ttotal | Status | Flags |
---|---|---|---|---|---|---|
r-devel-linux-x86_64-debian-clang | 1.3.0 | 438.00 | 27.24 | 465.24 | NOTE | |
r-devel-linux-x86_64-debian-gcc | 1.3.0 | 394.03 | 52.63 | 446.66 | NOTE | |
r-devel-linux-x86_64-fedora-clang | 1.3.0 | 736.84 | OK | |||
r-devel-linux-x86_64-fedora-gcc | 1.3.0 | 1200.90 | OK | |||
r-devel-windows-x86_64 | 1.3.0 | 450.00 | 127.00 | 577.00 | OK | |
r-patched-linux-x86_64 | 1.3.0 | 512.71 | 67.10 | 579.81 | OK | |
r-release-linux-x86_64 | 1.3.0 | 526.77 | 66.69 | 593.46 | OK | |
r-release-macos-arm64 | 1.3.0 | 201.00 | OK | |||
r-release-macos-x86_64 | 1.3.0 | 178.00 | OK | |||
r-release-windows-x86_64 | 1.3.0 | 438.00 | 117.00 | 555.00 | OK | |
r-oldrel-macos-arm64 | 1.3.0 | 223.00 | NOTE | |||
r-oldrel-macos-x86_64 | 1.3.0 | 155.00 | NOTE | |||
r-oldrel-windows-x86_64 | 1.3.0 | 535.00 | 120.00 | 655.00 | OK |
Version: 1.3.0
Check: CRAN incoming feasibility
Result: NOTE
Maintainer: ‘Stéphane Laurent <laurent_step@outlook.fr>’
No Authors@R field in DESCRIPTION.
Please add one, modifying
Authors@R: person(given = "Stéphane",
family = "Laurent",
role = c("aut", "cre"),
email = "laurent_step@outlook.fr")
as necessary.
Flavors: r-devel-linux-x86_64-debian-clang, r-devel-linux-x86_64-debian-gcc
Version: 1.3.0
Check: installed package size
Result: NOTE
installed size is 162.9Mb
sub-directories of 1Mb or more:
libs 162.8Mb
Flavors: r-oldrel-macos-arm64, r-oldrel-macos-x86_64