Last updated on 2022-07-04 12:54:08 CEST.
Flavor | Version | Tinstall | Tcheck | Ttotal | Status | Flags |
---|---|---|---|---|---|---|
r-devel-linux-x86_64-debian-clang | 1.9-1 | 7.41 | 57.99 | 65.40 | OK | |
r-devel-linux-x86_64-debian-gcc | 1.9-1 | 7.18 | 44.96 | 52.14 | OK | |
r-devel-linux-x86_64-fedora-clang | 1.9-1 | 90.55 | NOTE | |||
r-devel-linux-x86_64-fedora-gcc | 1.9-1 | 89.79 | OK | |||
r-devel-windows-x86_64 | 1.9-1 | 26.00 | 81.00 | 107.00 | OK | |
r-patched-linux-x86_64 | 1.9-1 | 7.86 | 55.37 | 63.23 | OK | |
r-release-linux-x86_64 | 1.9-1 | 8.09 | 57.16 | 65.25 | OK | |
r-release-macos-arm64 | 1.9-1 | 26.00 | OK | |||
r-release-macos-x86_64 | 1.9-1 | 36.00 | OK | |||
r-release-windows-x86_64 | 1.9-1 | 22.00 | 81.00 | 103.00 | OK | |
r-oldrel-macos-arm64 | 1.9-1 | 31.00 | OK | |||
r-oldrel-macos-x86_64 | 1.9-1 | 52.00 | OK | |||
r-oldrel-windows-ix86+x86_64 | 1.9-1 | 16.00 | 76.00 | 92.00 | OK |
Version: 1.9-1
Check: Rd cross-references
Result: NOTE
Undeclared packages ‘carData’, ‘faraway’ in Rd xrefs
Flavor: r-devel-linux-x86_64-fedora-clang