CRAN Package Check Results for Package Ecume

Last updated on 2022-06-28 12:52:23 CEST.

Flavor Version Tinstall Tcheck Ttotal Status Flags
r-devel-linux-x86_64-debian-clang 0.9.1 22.50 275.23 297.73 NOTE
r-devel-linux-x86_64-debian-gcc 0.9.1 17.12 203.60 220.72 NOTE
r-devel-linux-x86_64-fedora-clang 0.9.1 363.00 NOTE
r-devel-linux-x86_64-fedora-gcc 0.9.1 363.40 NOTE
r-devel-windows-x86_64 0.9.1 25.00 295.00 320.00 NOTE
r-patched-linux-x86_64 0.9.1 14.61 268.09 282.70 NOTE
r-release-linux-x86_64 0.9.1 13.97 260.29 274.26 NOTE
r-release-macos-arm64 0.9.1 140.00 NOTE
r-release-macos-x86_64 0.9.1 236.00 NOTE
r-release-windows-x86_64 0.9.1 27.00 306.00 333.00 NOTE
r-oldrel-macos-arm64 0.9.1 157.00 NOTE
r-oldrel-macos-x86_64 0.9.1 273.00 NOTE
r-oldrel-windows-ix86+x86_64 0.9.1 45.00 399.00 444.00 NOTE

Check Details

Version: 0.9.1
Check: LazyData
Result: NOTE
     'LazyData' is specified without a 'data' directory
Flavors: r-devel-linux-x86_64-debian-clang, r-devel-linux-x86_64-debian-gcc, r-devel-linux-x86_64-fedora-clang, r-devel-linux-x86_64-fedora-gcc, r-devel-windows-x86_64, r-patched-linux-x86_64, r-release-linux-x86_64, r-release-macos-arm64, r-release-macos-x86_64, r-release-windows-x86_64, r-oldrel-macos-arm64, r-oldrel-macos-x86_64, r-oldrel-windows-ix86+x86_64