CRAN Package Check Results for Package EcoIndR

Last updated on 2022-06-25 10:53:02 CEST.

Flavor Version Tinstall Tcheck Ttotal Status Flags
r-devel-linux-x86_64-debian-clang 1.8 8.63 70.06 78.69 NOTE
r-devel-linux-x86_64-debian-gcc 1.8 6.75 53.59 60.34 NOTE
r-devel-linux-x86_64-fedora-clang 1.8 114.31 NOTE
r-devel-linux-x86_64-fedora-gcc 1.8 102.31 NOTE
r-devel-windows-x86_64 1.8 13.00 91.00 104.00 OK
r-patched-linux-x86_64 1.8 6.95 66.58 73.53 NOTE
r-release-linux-x86_64 1.8 7.83 67.54 75.37 NOTE
r-release-macos-arm64 1.8 31.00 OK
r-release-macos-x86_64 1.8 53.00 OK
r-release-windows-x86_64 1.8 13.00 90.00 103.00 OK
r-oldrel-macos-arm64 1.8 30.00 OK
r-oldrel-macos-x86_64 1.8 46.00 OK
r-oldrel-windows-ix86+x86_64 1.8 15.00 87.00 102.00 OK

Additional issues

noSuggests

Check Details

Version: 1.8
Check: package dependencies
Result: NOTE
    Package suggested but not available for checking: 'geoR'
Flavors: r-devel-linux-x86_64-debian-clang, r-devel-linux-x86_64-debian-gcc, r-devel-linux-x86_64-fedora-clang, r-devel-linux-x86_64-fedora-gcc, r-patched-linux-x86_64, r-release-linux-x86_64

Version: 1.8
Check: Rd cross-references
Result: NOTE
    Unknown package 'geoR' in Rd xrefs
Flavors: r-devel-linux-x86_64-debian-clang, r-devel-linux-x86_64-debian-gcc, r-devel-linux-x86_64-fedora-clang, r-devel-linux-x86_64-fedora-gcc, r-patched-linux-x86_64, r-release-linux-x86_64